{"id":1171,"date":"2024-03-02T12:02:14","date_gmt":"2024-03-02T09:02:14","guid":{"rendered":"http:\/\/www.hoimuloimed.ee\/?page_id=1171"},"modified":"2025-03-11T18:47:38","modified_gmt":"2025-03-11T15:47:38","slug":"moksad","status":"publish","type":"page","link":"https:\/\/hoimuloimed.ee\/index.php\/hoimurahvad-ja-keeled\/moksad\/","title":{"rendered":"Mok\u0161ad"},"content":{"rendered":"\n<p>Mok\u0161ad ehk mok\u0161alased on soome-ugri rahvas, kes elavad peamiselt Venemaa F\u00f6deratsiooni Mordva Vabariigi l\u00e4\u00e4neosas, samuti sellega k\u00fclgnevais Tambovi ja Penza oblasteis. Koos neile keeleliselt ja kultuuriliselt l\u00e4hedaste ersadega loetakse mok\u0161asid mordvalaste hulka ning mok\u0161asid-ersasid koos m\u00f5nev\u00f5rra kaugemate marilastega omakorda Volga rahvaste ehk volgasoomlaste hulka. Saami keelte j\u00e4rel on mok\u0161a ja ersa keel eesti ja teiste l\u00e4\u00e4nemeresoome keelte l\u00e4himad sugulaskeeled.<\/p>\n\n\n\n<p>Mok\u0161ad (\u2019<em>Moxel\u2019<\/em>) on esmakordselt kirjalikult \u00e4ramainimist leidnud 13. sajandi keskpaigas frantsiskaani munga Wilhelm Rubruki reisikirjelduses Mongooliasse. Rahvanimi \u2019mok\u0161a\u2019 tuleneb arvatavasti mok\u0161alaste maid l\u00e4biva Jovi j\u00f5e venekeelsest r\u00f6\u00f6pnimest Mok\u0161a.<\/p>\n\n\n\n<p>Nii nagu <a href=\"https:\/\/www.hoimuloimed.ee\/index.php\/hoimurahvad-ja-keeled\/ersad\/\">ersadegi<\/a> puhul, on mok\u0161ade t\u00e4pset arvu keeruline hinnata, kuna Venemaal (ja selle eeskujul mujal, sealhulgas Eestiski) pole neid tihtipeale mordvalastest eraldi v\u00e4lja toodud. Laias laastus on mok\u0161asid umbes 1\/3 k\u00f5igist mordvalastest. 2021. aasta Venemaa F\u00f6deratsiooni rahvaloendus fikseeris kokku 484&nbsp;450 mordvalast, kelle seas nimetas end mok\u0161alaseks 11&nbsp;801 inimest. Ehkki viimane arv on tegelikkusest selgelt v\u00e4iksem, on end avalikult mok\u0161aks tunnistavaid inimesi isegi rohkem kui varasematel aastatel ning n\u00e4itab arvatavasti nende eneseteadvuse kasvu. Kui paljud mok\u0161ad oma emakeelt oskavad, pole \u00f5igupoolest teada (k\u00f5ikidest mordvalastest oskas oma keelt \u2013 ersat v\u00f5i mok\u0161at \u2013 332&nbsp;829 inimest ehk umbes 69%). Rahvaloenduse andmeid ei saa v\u00f5tta kriitikavabalt, kuna nendes ei kajastu kindlasti k\u00f5ik emakeele valdajad ega isegi mitte k\u00f5ik mok\u0161a p\u00e4ritoluga inimesed. Venemaa F\u00f6deratsiooni viimastel aastatel pidevalt halveneva rahvuspoliitika t\u00f5ttu on mok\u0161a keel tugeva venestussurve all ning ahenenud on niigi piiratud v\u00f5imalused omakeelsele haridusele ja teenustele.<\/p>\n\n\n\n<p>Ehkki ersa ja mok\u0161a keel on teineteisele v\u00e4ga l\u00e4hedased, v\u00f5ib vastastikune arusaamine olla piiratud. Omavahelist l\u00e4bik\u00e4imist esineb rohkem kontaktaladel. Nii on mok\u0161a keel m\u00f5jutanud tugevasti l\u00e4\u00e4nepoolse ersa etnilise r\u00fchma \u0161ok\u0161ade keelepruuki. Kunagine mok\u0161akeelne rahvar\u00fchm karataid on aja jooksul l\u00e4inud \u00fcle tatari keelele, ent s\u00e4ilitanud traditsioonilised mok\u0161a rahvar\u00f5ivad.<\/p>\n\n\n\n<p><\/p>\n\n\n\n<figure class=\"wp-block-image size-large\"><img loading=\"lazy\" decoding=\"async\" width=\"1024\" height=\"894\" src=\"http:\/\/www.hoimuloimed.ee\/wp-content\/uploads\/2024\/02\/3-Mordvin-1024x894.png\" alt=\"\" class=\"wp-image-1122\" srcset=\"https:\/\/hoimuloimed.ee\/wp-content\/uploads\/2024\/02\/3-Mordvin-1024x894.png 1024w, https:\/\/hoimuloimed.ee\/wp-content\/uploads\/2024\/02\/3-Mordvin-300x262.png 300w, https:\/\/hoimuloimed.ee\/wp-content\/uploads\/2024\/02\/3-Mordvin-768x670.png 768w, https:\/\/hoimuloimed.ee\/wp-content\/uploads\/2024\/02\/3-Mordvin-1536x1341.png 1536w, https:\/\/hoimuloimed.ee\/wp-content\/uploads\/2024\/02\/3-Mordvin-2048x1788.png 2048w, https:\/\/hoimuloimed.ee\/wp-content\/uploads\/2024\/02\/3-Mordvin-103x90.png 103w\" sizes=\"auto, (max-width: 1024px) 100vw, 1024px\" \/><figcaption>Ersa (eri tooni rohelised) ja mok\u0161a (kollased, punased ja roosad toonid) keelemurdealad. <br>2a \u2013 mok\u0161a l\u00e4\u00e4nemurre, 2b \u2013 keskmurre, 2c \u2013 edelamurre, 2d \u2013 \u00fcleminekumurre. Tumekollane (1\/2) \u2013 mok\u0161a ja ersa keelesaared kaugemal v\u00e4ljaspool Mordva Vabariiki, punane viirutus (2) \u2013 mok\u0161a keelesaared kaugemal v\u00e4ljaspool Mordva Vabariiki.<br>(Kaart: <a href=\"https:\/\/bedlan.net\/data\/\">https:\/\/bedlan.net\/data\/<\/a>)<\/figcaption><\/figure>\n\n\n\n<p>Eesti Vabariigi 2021. aasta rahvaloendusel pandi kirja 368 siin elavat mordvalast, kuid kahjuks ei eristatud nende seas mok\u0161asid ja ersasid.<\/p>\n\n\n\n<p>P\u00f5hjalikumat eestikeelset \u00fclevaadet mok\u0161adest pakuvad <a rel=\"noreferrer noopener\" href=\"https:\/\/fennougria.ee\/rahvad\/mordvalased\/moksad\/\" target=\"_blank\">Fenno-Ugria Asutuse koduleht<\/a>, <a rel=\"noreferrer noopener\" href=\"https:\/\/www.erm.ee\/mordvalased\" target=\"_blank\">Eesti Rahva Muuseumi koduleht<\/a> (koos ersadega mordvalaste nime all) ning <a rel=\"noreferrer noopener\" href=\"https:\/\/www.folklore.ee\/rl\/folkte\/sugri\/mordva\/\" target=\"_blank\">Eesti Rahvaluule Arhiivi koduleht<\/a> (koos ersadega).<\/p>\n\n\n\n<p>Ansambel K\u00e4nnu Peal K\u00e4bi on teinud laulu mok\u0161a poetessi Polina Aljo\u0161ina s\u00f5nadele \u201cMrdak\u201d (\u201c\u041c\u0440\u0434\u0430\u043a\u201d) (loe laulu kohta l\u00e4hemalt ka <a rel=\"noreferrer noopener\" href=\"https:\/\/www.hoimuloimed.ee\/index.php\/2024\/02\/24\/tartu-uralcore-band-kannu-peal-kabi-avaldas-21-veebruaril-varske-moksa-eestikeelse-singli\/\" target=\"_blank\">meie blogist<\/a>):<\/p>\n\n\n\n<figure class=\"wp-block-embed-youtube wp-block-embed is-type-video is-provider-youtube wp-embed-aspect-16-9 wp-has-aspect-ratio\"><div class=\"wp-block-embed__wrapper\">\n<iframe loading=\"lazy\" title=\"K\u00e4nnu Peal K\u00e4bi - Mrdak\" width=\"720\" height=\"405\" src=\"https:\/\/www.youtube.com\/embed\/RA-XEoXTmIk?feature=oembed\" frameborder=\"0\" allow=\"accelerometer; autoplay; clipboard-write; encrypted-media; gyroscope; picture-in-picture; web-share\" referrerpolicy=\"strict-origin-when-cross-origin\" allowfullscreen><\/iframe>\n<\/div><\/figure>\n\n\n\n<p>Samuti on ansambel esitanud mok\u0161a rahvalaule, n\u00e4iteks \u201cRomanon&#8217; Aksjas&#8217;\u201d (\u201c\u0420\u043e\u043c\u0430\u043d\u043e\u043d\u044c \u0410\u043a\u0441\u044f\u0441\u044c\u201d):<\/p>\n\n\n\n<figure class=\"wp-block-embed-youtube wp-block-embed is-type-video is-provider-youtube wp-embed-aspect-4-3 wp-has-aspect-ratio\"><div class=\"wp-block-embed__wrapper\">\n<iframe loading=\"lazy\" title=\"K\u00e4nnu Peal K\u00e4bi - Romanon&#039; Aksjas&#039; (\u0420\u043e\u043c\u0430\u043d\u043e\u043d\u044c \u0410\u043a\u0441\u044f\u0441\u044c) - mok\u0161a rahvalaul\" width=\"720\" height=\"540\" src=\"https:\/\/www.youtube.com\/embed\/_686baVGdlc?feature=oembed\" frameborder=\"0\" allow=\"accelerometer; autoplay; clipboard-write; encrypted-media; gyroscope; picture-in-picture; web-share\" referrerpolicy=\"strict-origin-when-cross-origin\" allowfullscreen><\/iframe>\n<\/div><\/figure>\n\n\n\n<p>H\u00f5imul\u00f5imlane Anti Lillak on kirjutanud&nbsp;<a href=\"https:\/\/ypsilon.postimees.ee\/7736113\/hoimurahvuslus-volga-kaldalt-piusa-pervele-ersa-ja-moksa-mojudest-vanas-kagu-eesti-rahvakultuuris\" target=\"_blank\" rel=\"noreferrer noopener\"><strong>vanadest ersa ja mok\u0161a m\u00f5judest seto ja v\u00f5ro rahvakultuuris<\/strong><\/a>.<\/p>\n\n\n\n<p>Eesti mok\u0161alanna Anna Venchakova ettekanne mok\u0161erslaste perekonnast l\u00e4bi aegade ERMi h\u00f5imuklubis: <\/p>\n\n\n\n<figure class=\"wp-block-embed-youtube wp-block-embed is-type-video is-provider-youtube wp-embed-aspect-16-9 wp-has-aspect-ratio\"><div class=\"wp-block-embed__wrapper\">\n<iframe loading=\"lazy\" title=\"Maailm ja rahvad: ERMi h\u00f5imuklubi. Anna Venchakova 27.01.2021\" width=\"720\" height=\"405\" src=\"https:\/\/www.youtube.com\/embed\/Z_AFQIFvank?feature=oembed\" frameborder=\"0\" allow=\"accelerometer; autoplay; clipboard-write; encrypted-media; gyroscope; picture-in-picture; web-share\" referrerpolicy=\"strict-origin-when-cross-origin\" allowfullscreen><\/iframe>\n<\/div><\/figure>\n\n\n\n<div class=\"wp-block-otfm-box-spoiler-start otfm-sp__wrapper otfm-sp__box js-otfm-sp-box__closed otfm-sp__f5f5f5\" role=\"button\" tabindex=\"0\" aria-expanded=\"false\" data-otfm-spc=\"#f5f5f5\" style=\"text-align:left\"><div class=\"otfm-sp__title\"><strong><span class=\"has-inline-color has-vivid-red-color\">Keele\u00f5ppe materjalid veebis<\/span><\/strong><\/div><\/div>\n\n\n\n<p><strong><a href=\"https:\/\/paevo.ru\/mordva\/mokshen-kyal\/russko-mokshanskij-slovar\">Vene-mok\u0161a s\u00f5nastik<\/a><\/strong><\/p>\n\n\n\n<p><strong><a href=\"https:\/\/youtube.com\/playlist?list=PL7kKddCX2wbRuyDPEgeWLs919eyIi1A2Q&amp;si=lLDJI6smtCyyckwv\" target=\"_blank\" rel=\"noreferrer noopener\">Mok\u0161a keele \u00f5ppevideod Youtube\u2019is<\/a> (vene keeles)<\/strong><\/p>\n\n\n\n<p><strong><a rel=\"noreferrer noopener\" href=\"https:\/\/www.youtube.com\/@oksanabelkina\" target=\"_blank\">Mok\u0161a videoblogija Oksana Belkina kanal<\/a><\/strong><\/p>\n\n\n\n<p><strong><a rel=\"noreferrer noopener\" href=\"https:\/\/mdf.wikipedia.org\/wiki\/%D0%9F%D1%80%D1%8F_%D0%BB%D0%BE%D0%BF%D0%B0\" target=\"_blank\">Mok\u0161akeelne Vikipeedia<\/a><\/strong><\/p>\n\n\n\n<p><a rel=\"noreferrer noopener\" href=\"https:\/\/soundcloud.com\/anna-makeev-426287917\/sets\/moksha-fairy-tales-mok-a\" target=\"_blank\"><strong>Mok\u0161a muinasjutud<\/strong><\/a><br>Loeb Anna Makeev<\/p>\n\n\n\n<div class=\"wp-block-otfm-box-spoiler-end otfm-sp_end\"><\/div>\n\n\n\n<div class=\"wp-block-otfm-box-spoiler-start otfm-sp__wrapper otfm-sp__box js-otfm-sp-box__closed otfm-sp__f5f5f5\" role=\"button\" tabindex=\"0\" aria-expanded=\"false\" data-otfm-spc=\"#f5f5f5\" style=\"text-align:left\"><div class=\"otfm-sp__title\"><strong><span class=\"has-inline-color has-vivid-red-color\">Muusika<\/span><\/strong><\/div><\/div>\n\n\n\n<p><em>Mitmed muusikud ja ansamblid esitavad laule nii mok\u0161a kui ersa keeles.<\/em><\/p>\n\n\n\n<div class=\"wp-block-media-text alignwide is-stacked-on-mobile\" style=\"grid-template-columns:24% auto\"><figure class=\"wp-block-media-text__media\"><img loading=\"lazy\" decoding=\"async\" width=\"1024\" height=\"1024\" src=\"http:\/\/www.hoimuloimed.ee\/wp-content\/uploads\/2024\/02\/merema-1024x1024.jpeg\" alt=\"\" class=\"wp-image-1141\" srcset=\"https:\/\/hoimuloimed.ee\/wp-content\/uploads\/2024\/02\/merema-1024x1024.jpeg 1024w, https:\/\/hoimuloimed.ee\/wp-content\/uploads\/2024\/02\/merema-300x300.jpeg 300w, https:\/\/hoimuloimed.ee\/wp-content\/uploads\/2024\/02\/merema-150x150.jpeg 150w, https:\/\/hoimuloimed.ee\/wp-content\/uploads\/2024\/02\/merema-768x768.jpeg 768w, https:\/\/hoimuloimed.ee\/wp-content\/uploads\/2024\/02\/merema-1536x1536.jpeg 1536w, https:\/\/hoimuloimed.ee\/wp-content\/uploads\/2024\/02\/merema-90x90.jpeg 90w, https:\/\/hoimuloimed.ee\/wp-content\/uploads\/2024\/02\/merema.jpeg 1600w\" sizes=\"auto, (max-width: 1024px) 100vw, 1024px\" \/><\/figure><div class=\"wp-block-media-text__content\">\n<p><strong><strong>Merema<\/strong><\/strong><br><em>folk<\/em><\/p>\n\n\n\n<p class=\"has-small-font-size\"><a href=\"https:\/\/open.spotify.com\/artist\/6hJEHvyHDBE6TwCac3Jjfe?si=Z5n2eNV9QKSO0c9MAD3t3A\" target=\"_blank\" rel=\"noreferrer noopener\">Spotify<\/a> \/ <a href=\"https:\/\/www.youtube.com\/@merema2435\" target=\"_blank\" rel=\"noreferrer noopener\">Youtube<\/a> \/ <a href=\"https:\/\/vk.com\/merema\" target=\"_blank\" rel=\"noreferrer noopener\">VKontakte<\/a><\/p>\n<\/div><\/div>\n\n\n\n<p><\/p>\n\n\n\n<div class=\"wp-block-media-text alignwide is-stacked-on-mobile\" style=\"grid-template-columns:24% auto\"><figure class=\"wp-block-media-text__media\"><img loading=\"lazy\" decoding=\"async\" width=\"1024\" height=\"682\" src=\"http:\/\/www.hoimuloimed.ee\/wp-content\/uploads\/2024\/02\/oyme-1024x682.jpeg\" alt=\"\" class=\"wp-image-1139\" srcset=\"https:\/\/hoimuloimed.ee\/wp-content\/uploads\/2024\/02\/oyme-1024x682.jpeg 1024w, https:\/\/hoimuloimed.ee\/wp-content\/uploads\/2024\/02\/oyme-300x200.jpeg 300w, https:\/\/hoimuloimed.ee\/wp-content\/uploads\/2024\/02\/oyme-768x512.jpeg 768w, https:\/\/hoimuloimed.ee\/wp-content\/uploads\/2024\/02\/oyme-1536x1024.jpeg 1536w, https:\/\/hoimuloimed.ee\/wp-content\/uploads\/2024\/02\/oyme-2048x1365.jpeg 2048w, https:\/\/hoimuloimed.ee\/wp-content\/uploads\/2024\/02\/oyme-135x90.jpeg 135w\" sizes=\"auto, (max-width: 1024px) 100vw, 1024px\" \/><\/figure><div class=\"wp-block-media-text__content\">\n<p><strong><strong><strong>Oyme<\/strong><\/strong><\/strong><br><em>folk, elektrooniline muusika<\/em><\/p>\n\n\n\n<p class=\"has-small-font-size\"><a href=\"https:\/\/open.spotify.com\/artist\/585WQBsyNq9tSI1dc19Mfp?si=OkFRQgmsQsiVXYru3XpjGw\" target=\"_blank\" rel=\"noreferrer noopener\">Spotify<\/a> \/ <a href=\"https:\/\/soundcloud.com\/oyme-1\" target=\"_blank\" rel=\"noreferrer noopener\">Soundcloud<\/a> \/ <a href=\"https:\/\/www.youtube.com\/@oymemusic\" target=\"_blank\" rel=\"noreferrer noopener\">Youtube<\/a> \/ <a href=\"https:\/\/music.apple.com\/us\/artist\/oyme\/961643593\" target=\"_blank\" rel=\"noreferrer noopener\">Apple Music<\/a> \/ <a href=\"https:\/\/vk.com\/oymemusic\">VKontakte<\/a><\/p>\n<\/div><\/div>\n\n\n\n<p><\/p>\n\n\n\n<div class=\"wp-block-media-text alignwide is-stacked-on-mobile\" style=\"grid-template-columns:24% auto\"><figure class=\"wp-block-media-text__media\"><img loading=\"lazy\" decoding=\"async\" width=\"274\" height=\"183\" src=\"http:\/\/www.hoimuloimed.ee\/wp-content\/uploads\/2024\/02\/toorama.jpeg\" alt=\"\" class=\"wp-image-1137\" srcset=\"https:\/\/hoimuloimed.ee\/wp-content\/uploads\/2024\/02\/toorama.jpeg 274w, https:\/\/hoimuloimed.ee\/wp-content\/uploads\/2024\/02\/toorama-135x90.jpeg 135w\" sizes=\"auto, (max-width: 274px) 100vw, 274px\" \/><\/figure><div class=\"wp-block-media-text__content\">\n<p><strong><strong><strong><strong>Toorama (V. I. Roma\u0161kini nimeline folklooriansambel Toorama, \u0419\u043e\u0301\u0432\u043b\u0430\u0442)<\/strong><\/strong><\/strong><\/strong><br><em>folk<\/em><br><em>(algup\u00e4rane Toorama nime kandev ansambel)<\/em><\/p>\n\n\n\n<p class=\"has-small-font-size\"><a rel=\"noreferrer noopener\" href=\"https:\/\/open.spotify.com\/artist\/2ujeIZtjMhkO6bOm7XKS2S\" target=\"_blank\">Spotify<\/a> \/ <a rel=\"noreferrer noopener\" href=\"https:\/\/myv.wikipedia.org\/wiki\/%C2%AB%D0%A2%D0%BE%D1%80%D0%B0%D0%BC%D0%B0%C2%BB_%D0%BC%D0%BE%D1%80%D0%B0%D0%BC%D0%BE-%D1%81%D0%B5%D0%B4%D1%8F%D0%BC%D0%BE_%D0%BA%D1%83%D0%B6%D0%BE\" target=\"_blank\">ersakeelne Vikipeedia<\/a> \/ <a href=\"https:\/\/www.instagram.com\/android255_torama\" target=\"_blank\" rel=\"noreferrer noopener\">ansambli kunstilise juhi Andrei Roma\u0161kini Instagram<\/a><\/p>\n<\/div><\/div>\n\n\n\n<p><\/p>\n\n\n\n<div class=\"wp-block-media-text alignwide is-stacked-on-mobile\" style=\"grid-template-columns:24% auto\"><figure class=\"wp-block-media-text__media\"><img loading=\"lazy\" decoding=\"async\" width=\"676\" height=\"678\" src=\"https:\/\/www.hoimuloimed.ee\/wp-content\/uploads\/2024\/03\/moksanaised.png\" alt=\"\" class=\"wp-image-1176\" srcset=\"https:\/\/hoimuloimed.ee\/wp-content\/uploads\/2024\/03\/moksanaised.png 676w, https:\/\/hoimuloimed.ee\/wp-content\/uploads\/2024\/03\/moksanaised-300x300.png 300w, https:\/\/hoimuloimed.ee\/wp-content\/uploads\/2024\/03\/moksanaised-150x150.png 150w, https:\/\/hoimuloimed.ee\/wp-content\/uploads\/2024\/03\/moksanaised-90x90.png 90w\" sizes=\"auto, (max-width: 676px) 100vw, 676px\" \/><\/figure><div class=\"wp-block-media-text__content\">\n<p><strong><strong><strong><strong><strong>The Women\u2019s Folklore Ensemble of Staraya Terizmorga<\/strong><\/strong><\/strong><\/strong><\/strong><br><em>folk<\/em><\/p>\n\n\n\n<p class=\"has-small-font-size\"><a rel=\"noreferrer noopener\" href=\"https:\/\/open.spotify.com\/artist\/7EhOGeVeJut9zpXDJakvO9\" target=\"_blank\">Spotify<\/a> \/ <a rel=\"noreferrer noopener\" href=\"https:\/\/music.apple.com\/us\/artist\/the-womens-folklore-ensemble-of-staraya-terizmorga\/350880482\" target=\"_blank\">Apple Music<\/a><\/p>\n<\/div><\/div>\n\n\n\n<div class=\"wp-block-otfm-box-spoiler-end otfm-sp_end\"><\/div>\n\n\n\n<div class=\"wp-block-otfm-box-spoiler-start otfm-sp__wrapper otfm-sp__box js-otfm-sp-box__closed otfm-sp__f5f5f5\" role=\"button\" tabindex=\"0\" aria-expanded=\"false\" data-otfm-spc=\"#f5f5f5\" style=\"text-align:left\"><div class=\"otfm-sp__title\"><strong><span class=\"has-inline-color has-vivid-red-color\">Filmid<\/span><\/strong><\/div><\/div>\n\n\n\n<div class=\"wp-block-media-text alignwide is-stacked-on-mobile\" style=\"grid-template-columns:26% auto\"><figure class=\"wp-block-media-text__media\"><img loading=\"lazy\" decoding=\"async\" width=\"899\" height=\"624\" src=\"https:\/\/www.hoimuloimed.ee\/wp-content\/uploads\/2024\/03\/moksavideo.png\" alt=\"\" class=\"wp-image-1174\" srcset=\"https:\/\/hoimuloimed.ee\/wp-content\/uploads\/2024\/03\/moksavideo.png 899w, https:\/\/hoimuloimed.ee\/wp-content\/uploads\/2024\/03\/moksavideo-300x208.png 300w, https:\/\/hoimuloimed.ee\/wp-content\/uploads\/2024\/03\/moksavideo-768x533.png 768w, https:\/\/hoimuloimed.ee\/wp-content\/uploads\/2024\/03\/moksavideo-130x90.png 130w\" sizes=\"auto, (max-width: 899px) 100vw, 899px\" \/><\/figure><div class=\"wp-block-media-text__content\">\n<p><strong><strong><strong>Saban<\/strong><\/strong><\/strong><br>Animatsioon, Venemaa, 2017<\/p>\n\n\n\n<p class=\"has-small-font-size\"><a href=\"https:\/\/youtu.be\/DtgqV1oMD1Q?si=TyWaHlcahIW5s0Ks\" target=\"_blank\" rel=\"noreferrer noopener\">Youtube<\/a><\/p>\n<\/div><\/div>\n\n\n\n<p><\/p>\n\n\n\n<div class=\"wp-block-media-text alignwide is-stacked-on-mobile\" style=\"grid-template-columns:26% auto\"><figure class=\"wp-block-media-text__media\"><img loading=\"lazy\" decoding=\"async\" width=\"802\" height=\"649\" src=\"http:\/\/www.hoimuloimed.ee\/wp-content\/uploads\/2024\/02\/sebra.png\" alt=\"\" class=\"wp-image-1134\" srcset=\"https:\/\/hoimuloimed.ee\/wp-content\/uploads\/2024\/02\/sebra.png 802w, https:\/\/hoimuloimed.ee\/wp-content\/uploads\/2024\/02\/sebra-300x243.png 300w, https:\/\/hoimuloimed.ee\/wp-content\/uploads\/2024\/02\/sebra-768x621.png 768w, https:\/\/hoimuloimed.ee\/wp-content\/uploads\/2024\/02\/sebra-111x90.png 111w\" sizes=\"auto, (max-width: 802px) 100vw, 802px\" \/><\/figure><div class=\"wp-block-media-text__content\">\n<p><strong><strong><strong>Sebra (\u041a\u0438\u043a\u0441\u0430\u0439)<\/strong><\/strong><\/strong><br>Animatsioon, Taani, 2020<\/p>\n\n\n\n<p class=\"has-small-font-size\"><a rel=\"noreferrer noopener\" href=\"https:\/\/www.youtube.com\/watch?v=F2lyl7pCTN0\" target=\"_blank\">Youtube<\/a><\/p>\n<\/div><\/div>\n\n\n\n<p><\/p>\n\n\n\n<div class=\"wp-block-media-text alignwide is-stacked-on-mobile\" style=\"grid-template-columns:26% auto\"><figure class=\"wp-block-media-text__media\"><img loading=\"lazy\" decoding=\"async\" width=\"563\" height=\"848\" src=\"https:\/\/www.hoimuloimed.ee\/wp-content\/uploads\/2024\/03\/jesusfilm6.png\" alt=\"\" class=\"wp-image-1173\" srcset=\"https:\/\/hoimuloimed.ee\/wp-content\/uploads\/2024\/03\/jesusfilm6.png 563w, https:\/\/hoimuloimed.ee\/wp-content\/uploads\/2024\/03\/jesusfilm6-199x300.png 199w, https:\/\/hoimuloimed.ee\/wp-content\/uploads\/2024\/03\/jesusfilm6-60x90.png 60w\" sizes=\"auto, (max-width: 563px) 100vw, 563px\" \/><\/figure><div class=\"wp-block-media-text__content\">\n<p><strong><strong><strong><strong>Jeesus (\u0418\u0438\u0441\u0443\u0441)<\/strong><\/strong><\/strong><\/strong><br>Ameerika \u00dchendriigid, 1979, mok\u0161akeelne t\u00f5lge 2023<\/p>\n\n\n\n<p class=\"has-small-font-size\"><a rel=\"noreferrer noopener\" href=\"https:\/\/youtu.be\/yCrjSaC-uwc?si=thKGIdSZroanjkp3\" target=\"_blank\">Youtube<\/a> \/ <a href=\"https:\/\/www.imdb.com\/title\/tt0079368\/\" target=\"_blank\" rel=\"noreferrer noopener\">IMDb (inglisekeelse originaali kohta)<\/a><\/p>\n<\/div><\/div>\n\n\n\n<div class=\"wp-block-otfm-box-spoiler-end otfm-sp_end\"><\/div>\n","protected":false},"excerpt":{"rendered":"<p>Mok\u0161ad ehk mok\u0161alased on soome-ugri rahvas, kes elavad peamiselt Venemaa F\u00f6deratsiooni Mordva Vabariigi l\u00e4\u00e4neosas, samuti sellega k\u00fclgnevais Tambovi ja Penza oblasteis. Koos neile keeleliselt ja kultuuriliselt l\u00e4hedaste ersadega loetakse mok\u0161asid mordvalaste hulka ning mok\u0161asid-ersasid koos m\u00f5nev\u00f5rra kaugemate marilastega omakorda Volga rahvaste ehk volgasoomlaste hulka. Saami keelte j\u00e4rel on mok\u0161a ja ersa keel eesti ja teiste l\u00e4\u00e4nemeresoome keelte l\u00e4himad sugulaskeeled. Mok\u0161ad (\u2019Moxel\u2019) on esmakordselt kirjalikult \u00e4ramainimist &hellip; <a href=\"https:\/\/hoimuloimed.ee\/index.php\/hoimurahvad-ja-keeled\/moksad\/\" class=\"more-link\">Continue reading <span class=\"screen-reader-text\">Mok\u0161ad<\/span><\/a><\/p>\n","protected":false},"author":1,"featured_media":0,"parent":221,"menu_order":0,"comment_status":"closed","ping_status":"closed","template":"","meta":{"footnotes":""},"class_list":["post-1171","page","type-page","status-publish","hentry"],"_links":{"self":[{"href":"https:\/\/hoimuloimed.ee\/index.php\/wp-json\/wp\/v2\/pages\/1171","targetHints":{"allow":["GET"]}}],"collection":[{"href":"https:\/\/hoimuloimed.ee\/index.php\/wp-json\/wp\/v2\/pages"}],"about":[{"href":"https:\/\/hoimuloimed.ee\/index.php\/wp-json\/wp\/v2\/types\/page"}],"author":[{"embeddable":true,"href":"https:\/\/hoimuloimed.ee\/index.php\/wp-json\/wp\/v2\/users\/1"}],"replies":[{"embeddable":true,"href":"https:\/\/hoimuloimed.ee\/index.php\/wp-json\/wp\/v2\/comments?post=1171"}],"version-history":[{"count":4,"href":"https:\/\/hoimuloimed.ee\/index.php\/wp-json\/wp\/v2\/pages\/1171\/revisions"}],"predecessor-version":[{"id":1351,"href":"https:\/\/hoimuloimed.ee\/index.php\/wp-json\/wp\/v2\/pages\/1171\/revisions\/1351"}],"up":[{"embeddable":true,"href":"https:\/\/hoimuloimed.ee\/index.php\/wp-json\/wp\/v2\/pages\/221"}],"wp:attachment":[{"href":"https:\/\/hoimuloimed.ee\/index.php\/wp-json\/wp\/v2\/media?parent=1171"}],"curies":[{"name":"wp","href":"https:\/\/api.w.org\/{rel}","templated":true}]}}