{"id":1333,"date":"2025-03-11T18:24:11","date_gmt":"2025-03-11T15:24:11","guid":{"rendered":"http:\/\/www.hoimuloimed.ee\/?page_id=1333"},"modified":"2025-03-11T18:44:23","modified_gmt":"2025-03-11T15:44:23","slug":"vorokesed","status":"publish","type":"page","link":"https:\/\/hoimuloimed.ee\/index.php\/hoimurahvad-ja-keeled\/vorokesed\/","title":{"rendered":"V\u00f5rokesed"},"content":{"rendered":"\n<p>V\u00f5rokesed on L\u00f5una-Eestis, peamiselt ajaloolisel V\u00f5romaa alal elav rahvas. T\u00e4nap\u00e4eval jagunevad vana V\u00f5romaa kaheksa kihelkonda (Kanepi, P\u00f5lva, R\u00e4pina, Urvaste, Karula, Hargla, R\u00f5uge ja Vastseliina) V\u00f5ru, P\u00f5lva ja Valga maakondade vahel. V\u00f5rokesed on olnud osalised kaasaegse eesti rahvuse kujundamises ning enamasti ongi neid n\u00e4htud \u00fche eestlaste etnilise r\u00fchmana. Alates v\u00f5ro liikumise algusest hilistel 1980. aastatel on m\u00f5ned v\u00f5ro kultuuriedendajad hoidnud alal m\u00f5tet v\u00f5rokestest kui eraldi rahvast. 2023. aasta kevadel kuulutas ka v\u00f5ro rahva esinduskogu <em>V\u00f5rokeisi Kongr\u00f5ss<\/em> v\u00f5rokesed p\u00f5lisrahvaks.<\/p>\n\n\n\n<figure class=\"wp-block-image size-large\"><img loading=\"lazy\" decoding=\"async\" width=\"1024\" height=\"724\" src=\"https:\/\/www.hoimuloimed.ee\/wp-content\/uploads\/2025\/03\/vorumaa-kaart-1024x724.jpg\" alt=\"\" class=\"wp-image-1334\" srcset=\"https:\/\/hoimuloimed.ee\/wp-content\/uploads\/2025\/03\/vorumaa-kaart-1024x724.jpg 1024w, https:\/\/hoimuloimed.ee\/wp-content\/uploads\/2025\/03\/vorumaa-kaart-300x212.jpg 300w, https:\/\/hoimuloimed.ee\/wp-content\/uploads\/2025\/03\/vorumaa-kaart-768x543.jpg 768w, https:\/\/hoimuloimed.ee\/wp-content\/uploads\/2025\/03\/vorumaa-kaart-1536x1086.jpg 1536w, https:\/\/hoimuloimed.ee\/wp-content\/uploads\/2025\/03\/vorumaa-kaart-2048x1448.jpg 2048w, https:\/\/hoimuloimed.ee\/wp-content\/uploads\/2025\/03\/vorumaa-kaart-127x90.jpg 127w\" sizes=\"auto, (max-width: 1024px) 100vw, 1024px\" \/><figcaption>V\u00f5romaa kihelkonnad.<br>(Kaart: V\u00f5ro Instituudi koduleht https:\/\/wi.ee\/)<\/figcaption><\/figure>\n\n\n\n<p>V\u00f5ro keel kuulub uurali keelkonna l\u00e4\u00e4nemeresoome keelte l\u00f5unar\u00fchma ning on \u00fcks l\u00f5unaeesti keeltest (koos seto, tartu ja mulgi keelega). L\u00f5unaeesti keel eraldus \u00fclej\u00e4\u00e4nud l\u00e4\u00e4nemeresoome keel(t)est juba \u00fcsna varakult ning on siiani s\u00e4ilitanud mitmeid erijooni. Enamasti on v\u00f5ro keelt peetud \u00fcheks eesti murdeks, kuid viimasel ajal on aina valjemalt k\u00f5lanud v\u00f5ro keele kui omaette keele toetajate h\u00e4\u00e4l. Erinevused v\u00f5ro ja seto keele vahel on lingvistilises m\u00f5ttes v\u00e4ga v\u00e4ikesed, kuid kummagi keele k\u00f5nelejate tugeva iseteadvuse t\u00f5ttu loetakse neid siiski eraldi keelteks.<\/p>\n\n\n\n<p>V\u00f5ro keelele on l\u00e4hedased L\u00e4tis elanud lutsi maarahva ja leivude keelepruuk. Lutsi keelel on palju sarnasusi idav\u00f5ro ja seto keelega ning t\u00f5en\u00e4oliselt p\u00e4rinebki lutsi maarahvas m\u00f5nisada aastat tagasi V\u00f5romaa idaosast Ida-L\u00e4tti Latgalesse v\u00e4ljar\u00e4nnanutest. Leivude keeles on mitmeid vanap\u00e4raseid ise\u00e4rasusi, mis viitavad, et tegemist on vahest juba alates muinasajast P\u00f5hja-L\u00e4tis elanud l\u00f5unaeestiliku rahvar\u00fchmaga. Igap\u00e4evapruugist on lutsi ja leivu keeled praeguseks kadunud, kuid viimastel aastatel on ette v\u00f5etud samme lutsi keele velmamiseks.<\/p>\n\n\n\n<p>2011. aasta rahvaloenduse andmeil oskas v\u00f5ro keelt Eestis 74&nbsp;499 inimest, 2021. aastal oli vastav arv 97&nbsp;320 (selle sisse arvestati ka 25&nbsp;080 seto keele oskajat). Hoolimata n\u00e4ivast t\u00f5usust, mille taga on ilmselt v\u00f5ro keele maine kasv, on keel tervikuna siiski ohus, kuna selle kasutusv\u00f5imalused on selgelt ahenemas. V\u00f5ro keelt \u00f5petatakse m\u00f5nedes keelepesar\u00fchmades ja koolides. Alates 1995. aastast on v\u00f5ro ja l\u00f5unaeesti keelt ja kultuuri j\u00e4rjepidevalt uurinud ja arendanud V\u00f5ro Instituut. Kord kahe n\u00e4dala tagant ilmub v\u00f5rokeelne ajaleht Uma Leht, kord n\u00e4dalas edastab uudiseid ka viieminutiline v\u00f5rokeelne uudistesaade Vikerraadios. V\u00f5ro keeles ilmub igal aastal mitu uut raamatut.<\/p>\n\n\n\n<p>V\u00f5rokestest ja v\u00f5ro keelest pakub p\u00f5hjalikku \u00fclevaadet <a rel=\"noreferrer noopener\" href=\"https:\/\/wi.ee\/et\/voru-keel\/\" target=\"_blank\">V\u00f5ro Instituudi koduleht<\/a>, temaatilisi kirjutisi jagab ka <a rel=\"noreferrer noopener\" href=\"https:\/\/fennougria.ee\/rahvad\/laanemeresoome-rahvad\/eestlased\/vorukesed\/\" target=\"_blank\">Fenno-Ugria Asutuse koduleht<\/a>.<\/p>\n\n\n\n<p>H\u00f5imul\u00f5imede blogis on ilmunud meie liikmete Britt-Kathleeni ja Anti <a href=\"https:\/\/www.hoimuloimed.ee\/index.php\/2025\/02\/11\/polisrahva-sund-vorokeste-enesemaaramise-teekond\/\">\u00fclevaade v\u00f5rokeste rahvusliikumisest<\/a>. Samuti on Anti kirjutanud p\u00f5gusalt <a href=\"https:\/\/www.hoimuloimed.ee\/index.php\/2024\/11\/07\/leivumaast-anno-2024\/\">leivudest<\/a>.<\/p>\n\n\n\n<div class=\"wp-block-otfm-box-spoiler-start otfm-sp__wrapper otfm-sp__box js-otfm-sp-box__closed otfm-sp__f5f5f5\" role=\"button\" tabindex=\"0\" aria-expanded=\"false\" data-otfm-spc=\"#f5f5f5\" style=\"text-align:left\"><div class=\"otfm-sp__title\"><strong><span class=\"has-inline-color has-vivid-red-color\">Keele\u00f5ppe materjalid veebis<\/span><\/strong><\/div><\/div>\n\n\n\n<p><a rel=\"noreferrer noopener\" href=\"https:\/\/synaq.org\/\" target=\"_blank\">V\u00f5ro-eesti-v\u00f5ro s\u00f5naraamat<\/a><\/p>\n\n\n\n<p><a href=\"https:\/\/wi.ee\/et\/lastele\/\" target=\"_blank\" rel=\"noreferrer noopener\">V\u00f5ro Instituudi v\u00f5ro keele\u00f5ppematerjalid<\/a><\/p>\n\n\n\n<p><a rel=\"noreferrer noopener\" href=\"https:\/\/xn--helait-5ya.ee\/\" target=\"_blank\">Hel\u00fcait<\/a><br>V\u00f5rokeelsete audiolugude kogu<\/p>\n\n\n\n<p><a rel=\"noreferrer noopener\" href=\"https:\/\/umaleht.ee\/\" target=\"_blank\">Uma Leht<\/a><br>Ilmub kord kahe n\u00e4dala tagant<\/p>\n\n\n\n<p><a rel=\"noreferrer noopener\" href=\"https:\/\/vikerraadio.err.ee\/1609566194\/vorukeelsed-uudised\" target=\"_blank\">V\u00f5rukeelsed uudised Vikerraadios<\/a><\/p>\n\n\n\n<p><a rel=\"noreferrer noopener\" href=\"https:\/\/vorokiil.blogspot.com\/\" target=\"_blank\">V\u00f5ro keelen v\u00f5ro keelest<\/a><br>V\u00f5ro keelt tutvustav blogi<\/p>\n\n\n\n<p><a rel=\"noreferrer noopener\" href=\"https:\/\/fiu-vro.wikipedia.org\/wiki\/Wikipedia:P%C3%A4%C3%A4leht\" target=\"_blank\">V\u00f5rokeelne Vikipeedia<\/a><\/p>\n\n\n\n<p><a rel=\"noreferrer noopener\" href=\"https:\/\/neurotolge.ee\/\" target=\"_blank\">Tartu \u00dclikooli t\u00f5lkeprogramm Neurot\u00f5lge<\/a><br>H\u00f5lmab ka v\u00f5ro keelt (pidevalt t\u00e4ienev)<\/p>\n\n\n\n<div class=\"wp-block-otfm-box-spoiler-end otfm-sp_end\"><\/div>\n\n\n\n<div class=\"wp-block-otfm-box-spoiler-start otfm-sp__wrapper otfm-sp__box js-otfm-sp-box__closed otfm-sp__f5f5f5\" role=\"button\" tabindex=\"0\" aria-expanded=\"false\" data-otfm-spc=\"#f5f5f5\" style=\"text-align:left\"><div class=\"otfm-sp__title\"><strong><span class=\"has-inline-color has-vivid-red-color\">Muusika<\/span><\/strong><\/div><\/div>\n\n\n\n<div class=\"wp-block-media-text alignwide is-stacked-on-mobile\" style=\"grid-template-columns:24% auto\"><figure class=\"wp-block-media-text__media\"><img loading=\"lazy\" decoding=\"async\" width=\"1024\" height=\"576\" src=\"https:\/\/www.hoimuloimed.ee\/wp-content\/uploads\/2025\/03\/ummamuudu-1024x576.jpeg\" alt=\"\" class=\"wp-image-1339\" srcset=\"https:\/\/hoimuloimed.ee\/wp-content\/uploads\/2025\/03\/ummamuudu-1024x576.jpeg 1024w, https:\/\/hoimuloimed.ee\/wp-content\/uploads\/2025\/03\/ummamuudu-300x169.jpeg 300w, https:\/\/hoimuloimed.ee\/wp-content\/uploads\/2025\/03\/ummamuudu-768x432.jpeg 768w, https:\/\/hoimuloimed.ee\/wp-content\/uploads\/2025\/03\/ummamuudu-1536x864.jpeg 1536w, https:\/\/hoimuloimed.ee\/wp-content\/uploads\/2025\/03\/ummamuudu-160x90.jpeg 160w, https:\/\/hoimuloimed.ee\/wp-content\/uploads\/2025\/03\/ummamuudu.jpeg 1600w\" sizes=\"auto, (max-width: 1024px) 100vw, 1024px\" \/><\/figure><div class=\"wp-block-media-text__content\">\n<p><strong><strong>Ummamuudu<\/strong><\/strong><br><em><em>Pop rokk, folk<\/em><\/em><\/p>\n\n\n\n<p class=\"has-small-font-size\"><a rel=\"noreferrer noopener\" href=\"https:\/\/open.spotify.com\/artist\/6XaD5nT9qFEI5hFS7jqLrD?si=u-DpzAoMTAm6plssGbJb2Q\" target=\"_blank\">Spotify<\/a> \/ <a href=\"https:\/\/www.youtube.com\/@ummamuudu9792\">Youtube<\/a> \/ <a href=\"https:\/\/www.facebook.com\/UMametlik\" target=\"_blank\" rel=\"noreferrer noopener\">Facebook<\/a><\/p>\n<\/div><\/div>\n\n\n\n<p><\/p>\n\n\n\n<div class=\"wp-block-media-text alignwide is-stacked-on-mobile\" style=\"grid-template-columns:24% auto\"><figure class=\"wp-block-media-text__media\"><img loading=\"lazy\" decoding=\"async\" width=\"1024\" height=\"1024\" src=\"https:\/\/www.hoimuloimed.ee\/wp-content\/uploads\/2025\/03\/marikalkun-1024x1024.jpeg\" alt=\"\" class=\"wp-image-1337\" srcset=\"https:\/\/hoimuloimed.ee\/wp-content\/uploads\/2025\/03\/marikalkun-1024x1024.jpeg 1024w, https:\/\/hoimuloimed.ee\/wp-content\/uploads\/2025\/03\/marikalkun-300x300.jpeg 300w, https:\/\/hoimuloimed.ee\/wp-content\/uploads\/2025\/03\/marikalkun-150x150.jpeg 150w, https:\/\/hoimuloimed.ee\/wp-content\/uploads\/2025\/03\/marikalkun-768x768.jpeg 768w, https:\/\/hoimuloimed.ee\/wp-content\/uploads\/2025\/03\/marikalkun-1536x1536.jpeg 1536w, https:\/\/hoimuloimed.ee\/wp-content\/uploads\/2025\/03\/marikalkun-90x90.jpeg 90w, https:\/\/hoimuloimed.ee\/wp-content\/uploads\/2025\/03\/marikalkun.jpeg 2000w\" sizes=\"auto, (max-width: 1024px) 100vw, 1024px\" \/><\/figure><div class=\"wp-block-media-text__content\">\n<p><strong><strong><strong>Mari Kalkun<\/strong><\/strong><\/strong><br><em><em>Folk<\/em><\/em><\/p>\n\n\n\n<p class=\"has-small-font-size\"><a rel=\"noreferrer noopener\" href=\"https:\/\/www.marikalkun.com\/\" target=\"_blank\">koduleht<\/a> \/ <a rel=\"noreferrer noopener\" href=\"https:\/\/open.spotify.com\/artist\/5YlTySs4XWgNgGDcBiwdu9?si=_BbXdNqpTgGUqAj3iSPugg\" target=\"_blank\">Spotify<\/a> \/ <a rel=\"noreferrer noopener\" href=\"https:\/\/marikalkun.bandcamp.com\/\" target=\"_blank\">bandcamp<\/a> \/ <a href=\"https:\/\/www.youtube.com\/@MariKalkunMusic\" target=\"_blank\" rel=\"noreferrer noopener\">Youtube<\/a><\/p>\n<\/div><\/div>\n\n\n\n<p><\/p>\n\n\n\n<div class=\"wp-block-media-text alignwide is-stacked-on-mobile\" style=\"grid-template-columns:24% auto\"><figure class=\"wp-block-media-text__media\"><img loading=\"lazy\" decoding=\"async\" width=\"589\" height=\"600\" src=\"https:\/\/www.hoimuloimed.ee\/wp-content\/uploads\/2025\/03\/lokoriq.jpeg\" alt=\"\" class=\"wp-image-1338\" srcset=\"https:\/\/hoimuloimed.ee\/wp-content\/uploads\/2025\/03\/lokoriq.jpeg 589w, https:\/\/hoimuloimed.ee\/wp-content\/uploads\/2025\/03\/lokoriq-295x300.jpeg 295w, https:\/\/hoimuloimed.ee\/wp-content\/uploads\/2025\/03\/lokoriq-88x90.jpeg 88w\" sizes=\"auto, (max-width: 589px) 100vw, 589px\" \/><\/figure><div class=\"wp-block-media-text__content\">\n<p><strong><strong><strong><strong>L\u00f5k\u00f5riq<\/strong><\/strong><\/strong><\/strong><br><em><em><em>V\u00f5ro- ja setokeelne folk, punk<\/em><\/em><\/em><\/p>\n\n\n\n<p class=\"has-small-font-size\"><a href=\"https:\/\/www.discogs.com\/artist\/5630411-L%C3%B5k%C3%B5riq\" target=\"_blank\" rel=\"noreferrer noopener\">Discogs<\/a><\/p>\n<\/div><\/div>\n\n\n\n<p><\/p>\n\n\n\n<div class=\"wp-block-media-text alignwide is-stacked-on-mobile\" style=\"grid-template-columns:24% auto\"><figure class=\"wp-block-media-text__media\"><img loading=\"lazy\" decoding=\"async\" width=\"1024\" height=\"607\" src=\"https:\/\/www.hoimuloimed.ee\/wp-content\/uploads\/2025\/03\/aapoilves-1024x607.jpeg\" alt=\"\" class=\"wp-image-1341\" srcset=\"https:\/\/hoimuloimed.ee\/wp-content\/uploads\/2025\/03\/aapoilves-1024x607.jpeg 1024w, https:\/\/hoimuloimed.ee\/wp-content\/uploads\/2025\/03\/aapoilves-300x178.jpeg 300w, https:\/\/hoimuloimed.ee\/wp-content\/uploads\/2025\/03\/aapoilves-768x455.jpeg 768w, https:\/\/hoimuloimed.ee\/wp-content\/uploads\/2025\/03\/aapoilves-152x90.jpeg 152w, https:\/\/hoimuloimed.ee\/wp-content\/uploads\/2025\/03\/aapoilves.jpeg 1200w\" sizes=\"auto, (max-width: 1024px) 100vw, 1024px\" \/><\/figure><div class=\"wp-block-media-text__content\">\n<p><strong><strong><strong><strong><strong>Aapo Ilves<\/strong><\/strong><\/strong><\/strong><\/strong><br><em><em><em><em>Folk, autorilaul<\/em><\/em><\/em><\/em><\/p>\n\n\n\n<p class=\"has-small-font-size\"><a href=\"https:\/\/open.spotify.com\/artist\/0YJxcezItDljyChzYyHBjv?si=M3Zm3oUeQDuka_Qb79MX8A\" target=\"_blank\" rel=\"noreferrer noopener\">Spotify<\/a> \/ <a href=\"https:\/\/www.youtube.com\/@aapoilves\" target=\"_blank\" rel=\"noreferrer noopener\">Youtube<\/a><\/p>\n<\/div><\/div>\n\n\n\n<p><\/p>\n\n\n\n<div class=\"wp-block-media-text alignwide is-stacked-on-mobile\" style=\"grid-template-columns:24% auto\"><figure class=\"wp-block-media-text__media\"><img loading=\"lazy\" decoding=\"async\" width=\"1024\" height=\"683\" src=\"https:\/\/www.hoimuloimed.ee\/wp-content\/uploads\/2025\/03\/winnypuhh-1024x683.jpeg\" alt=\"\" class=\"wp-image-1342\" srcset=\"https:\/\/hoimuloimed.ee\/wp-content\/uploads\/2025\/03\/winnypuhh-1024x683.jpeg 1024w, https:\/\/hoimuloimed.ee\/wp-content\/uploads\/2025\/03\/winnypuhh-300x200.jpeg 300w, https:\/\/hoimuloimed.ee\/wp-content\/uploads\/2025\/03\/winnypuhh-768x512.jpeg 768w, https:\/\/hoimuloimed.ee\/wp-content\/uploads\/2025\/03\/winnypuhh-1536x1024.jpeg 1536w, https:\/\/hoimuloimed.ee\/wp-content\/uploads\/2025\/03\/winnypuhh-135x90.jpeg 135w, https:\/\/hoimuloimed.ee\/wp-content\/uploads\/2025\/03\/winnypuhh.jpeg 2048w\" sizes=\"auto, (max-width: 1024px) 100vw, 1024px\" \/><\/figure><div class=\"wp-block-media-text__content\">\n<p><strong><strong><strong><strong><strong><strong>Winny Puhh<\/strong><\/strong><\/strong><\/strong><\/strong><\/strong><br><em><em><em><em><em>Punk<\/em><\/em><\/em><\/em><\/em><\/p>\n\n\n\n<p class=\"has-small-font-size\"><a rel=\"noreferrer noopener\" href=\"https:\/\/open.spotify.com\/artist\/3HJrfQypIqGAVwqen0x9e3?si=s8rg87zgSQWPGSObmFdM8A\" target=\"_blank\">Spotify<\/a> \/ <a rel=\"noreferrer noopener\" href=\"https:\/\/www.youtube.com\/@winnypuhh8042\" target=\"_blank\">Youtube<\/a> \/ <a href=\"https:\/\/soundcloud.com\/winnypuhh\" target=\"_blank\" rel=\"noreferrer noopener\">Soundcloud<\/a><\/p>\n<\/div><\/div>\n\n\n\n<p><\/p>\n\n\n\n<div class=\"wp-block-media-text alignwide is-stacked-on-mobile\" style=\"grid-template-columns:24% auto\"><figure class=\"wp-block-media-text__media\"><img loading=\"lazy\" decoding=\"async\" width=\"962\" height=\"1024\" src=\"https:\/\/www.hoimuloimed.ee\/wp-content\/uploads\/2025\/03\/neiokoso-962x1024.jpeg\" alt=\"\" class=\"wp-image-1343\" srcset=\"https:\/\/hoimuloimed.ee\/wp-content\/uploads\/2025\/03\/neiokoso-962x1024.jpeg 962w, https:\/\/hoimuloimed.ee\/wp-content\/uploads\/2025\/03\/neiokoso-282x300.jpeg 282w, https:\/\/hoimuloimed.ee\/wp-content\/uploads\/2025\/03\/neiokoso-768x818.jpeg 768w, https:\/\/hoimuloimed.ee\/wp-content\/uploads\/2025\/03\/neiokoso-1443x1536.jpeg 1443w, https:\/\/hoimuloimed.ee\/wp-content\/uploads\/2025\/03\/neiokoso-85x90.jpeg 85w, https:\/\/hoimuloimed.ee\/wp-content\/uploads\/2025\/03\/neiokoso.jpeg 1503w\" sizes=\"auto, (max-width: 962px) 100vw, 962px\" \/><\/figure><div class=\"wp-block-media-text__content\">\n<p><strong><strong><strong><strong><strong><strong><strong>Neiok\u00f5s\u00f5 \u2013 \u201eTii\u201c<\/strong><\/strong><\/strong><\/strong><\/strong><\/strong><\/strong><br><em><em><em><em><em><em>V\u00f5rokeelne Eesti v\u00f5istluslaul 2004. aasta Eurovisiooni lauluv\u00f5istlusel\u00a0<\/em><\/em><\/em><\/em><\/em><\/em><\/p>\n\n\n\n<p class=\"has-small-font-size\"><a rel=\"noreferrer noopener\" href=\"https:\/\/youtu.be\/25_z-Li1rq8?si=fn-kdOOT9cDVhqaO\" target=\"_blank\">Youtube<\/a><\/p>\n<\/div><\/div>\n\n\n\n<p><\/p>\n\n\n\n<div class=\"wp-block-media-text alignwide is-stacked-on-mobile\" style=\"grid-template-columns:24% auto\"><figure class=\"wp-block-media-text__media\"><img loading=\"lazy\" decoding=\"async\" width=\"700\" height=\"700\" src=\"https:\/\/www.hoimuloimed.ee\/wp-content\/uploads\/2025\/03\/tankist.jpeg\" alt=\"\" class=\"wp-image-1344\" srcset=\"https:\/\/hoimuloimed.ee\/wp-content\/uploads\/2025\/03\/tankist.jpeg 700w, https:\/\/hoimuloimed.ee\/wp-content\/uploads\/2025\/03\/tankist-300x300.jpeg 300w, https:\/\/hoimuloimed.ee\/wp-content\/uploads\/2025\/03\/tankist-150x150.jpeg 150w, https:\/\/hoimuloimed.ee\/wp-content\/uploads\/2025\/03\/tankist-90x90.jpeg 90w\" sizes=\"auto, (max-width: 700px) 100vw, 700px\" \/><\/figure><div class=\"wp-block-media-text__content\">\n<p><strong><strong><strong><strong><strong><strong><strong><strong>Tankist \u2013 \u201eKon kuradi kotsil ma el\u00e4?\u201c\u00a0<\/strong><\/strong><\/strong><\/strong><\/strong><\/strong><\/strong><\/strong><br><em><em><em><em><em><em><em>Thrash metal<\/em><\/em><\/em><\/em><\/em><\/em><\/em><\/p>\n\n\n\n<p class=\"has-small-font-size\"><a href=\"https:\/\/open.spotify.com\/album\/2Jz7WFfpgMD8AphzJIK8dZ?si=HDtLoBoYQnOzXO-hsQZ28Q\" target=\"_blank\" rel=\"noreferrer noopener\">Spotify<\/a> \/ <a href=\"https:\/\/youtu.be\/8iKQcwhPRFs?si=Jza2fqJWrId2nThs\" target=\"_blank\" rel=\"noreferrer noopener\">Youtube<\/a><\/p>\n<\/div><\/div>\n\n\n\n<div class=\"wp-block-otfm-box-spoiler-end otfm-sp_end\"><\/div>\n\n\n\n<div class=\"wp-block-otfm-box-spoiler-start otfm-sp__wrapper otfm-sp__box js-otfm-sp-box__closed otfm-sp__f5f5f5\" role=\"button\" tabindex=\"0\" aria-expanded=\"false\" data-otfm-spc=\"#f5f5f5\" style=\"text-align:left\"><div class=\"otfm-sp__title\"><strong><span class=\"has-inline-color has-vivid-red-color\">Filmid<\/span><\/strong><\/div><\/div>\n\n\n\n<div class=\"wp-block-media-text alignwide is-stacked-on-mobile\" style=\"grid-template-columns:26% auto\"><figure class=\"wp-block-media-text__media\"><img loading=\"lazy\" decoding=\"async\" width=\"800\" height=\"600\" src=\"https:\/\/www.hoimuloimed.ee\/wp-content\/uploads\/2025\/03\/poud.jpeg\" alt=\"\" class=\"wp-image-1347\" srcset=\"https:\/\/hoimuloimed.ee\/wp-content\/uploads\/2025\/03\/poud.jpeg 800w, https:\/\/hoimuloimed.ee\/wp-content\/uploads\/2025\/03\/poud-300x225.jpeg 300w, https:\/\/hoimuloimed.ee\/wp-content\/uploads\/2025\/03\/poud-768x576.jpeg 768w, https:\/\/hoimuloimed.ee\/wp-content\/uploads\/2025\/03\/poud-120x90.jpeg 120w\" sizes=\"auto, (max-width: 800px) 100vw, 800px\" \/><\/figure><div class=\"wp-block-media-text__content\">\n<p><strong><strong>P\u00f5ud ja vihm P\u00f5lva kihelkonnan nel\u00e4t\u00f5istk\u00fcmmend\u00e4m\u00e4 aasta suv\u00f5l<\/strong><\/strong><br>Telelavastus<br>Eesti, 1994<\/p>\n\n\n\n<p class=\"has-small-font-size\"><a rel=\"noreferrer noopener\" href=\"https:\/\/arhiiv.err.ee\/video\/seeria\/poud-ja-vihm-polva-kihelkonnan-nelatoistkummendama-aasta-suvol\" target=\"_blank\">ERR arhiiv<\/a><\/p>\n<\/div><\/div>\n\n\n\n<p><\/p>\n\n\n\n<div class=\"wp-block-media-text alignwide is-stacked-on-mobile\" style=\"grid-template-columns:26% auto\"><figure class=\"wp-block-media-text__media\"><img loading=\"lazy\" decoding=\"async\" width=\"800\" height=\"600\" src=\"https:\/\/www.hoimuloimed.ee\/wp-content\/uploads\/2025\/03\/elolino.jpeg\" alt=\"\" class=\"wp-image-1346\" srcset=\"https:\/\/hoimuloimed.ee\/wp-content\/uploads\/2025\/03\/elolino.jpeg 800w, https:\/\/hoimuloimed.ee\/wp-content\/uploads\/2025\/03\/elolino-300x225.jpeg 300w, https:\/\/hoimuloimed.ee\/wp-content\/uploads\/2025\/03\/elolino-768x576.jpeg 768w, https:\/\/hoimuloimed.ee\/wp-content\/uploads\/2025\/03\/elolino-120x90.jpeg 120w\" sizes=\"auto, (max-width: 800px) 100vw, 800px\" \/><\/figure><div class=\"wp-block-media-text__content\">\n<p><strong><strong><strong>Elolin\u00f5<\/strong><\/strong><\/strong><br>Dokumentaalsari<br>Eesti, 2005, 2007<\/p>\n\n\n\n<p class=\"has-small-font-size\"><a href=\"https:\/\/arhiiv.err.ee\/video\/seeria\/elolino\" target=\"_blank\" rel=\"noreferrer noopener\">ERR arhiiv<\/a><\/p>\n<\/div><\/div>\n\n\n\n<p><\/p>\n\n\n\n<div class=\"wp-block-media-text alignwide is-stacked-on-mobile\" style=\"grid-template-columns:26% auto\"><figure class=\"wp-block-media-text__media\"><img loading=\"lazy\" decoding=\"async\" width=\"800\" height=\"600\" src=\"https:\/\/www.hoimuloimed.ee\/wp-content\/uploads\/2025\/03\/tagamotsa.jpeg\" alt=\"\" class=\"wp-image-1345\" srcset=\"https:\/\/hoimuloimed.ee\/wp-content\/uploads\/2025\/03\/tagamotsa.jpeg 800w, https:\/\/hoimuloimed.ee\/wp-content\/uploads\/2025\/03\/tagamotsa-300x225.jpeg 300w, https:\/\/hoimuloimed.ee\/wp-content\/uploads\/2025\/03\/tagamotsa-768x576.jpeg 768w, https:\/\/hoimuloimed.ee\/wp-content\/uploads\/2025\/03\/tagamotsa-120x90.jpeg 120w\" sizes=\"auto, (max-width: 800px) 100vw, 800px\" \/><\/figure><div class=\"wp-block-media-text__content\">\n<p><strong><strong><strong><strong>Tagam\u00f5tsa<\/strong><\/strong><\/strong><\/strong><br>Sari<br>Eesti, 2011\u20132012, 2017<\/p>\n\n\n\n<p class=\"has-small-font-size\"><a href=\"https:\/\/arhiiv.err.ee\/video\/seeria\/tagamotsa\" target=\"_blank\" rel=\"noreferrer noopener\">ERR arhiiv<\/a><\/p>\n<\/div><\/div>\n\n\n\n<div class=\"wp-block-otfm-box-spoiler-end otfm-sp_end\"><\/div>\n","protected":false},"excerpt":{"rendered":"<p>V\u00f5rokesed on L\u00f5una-Eestis, peamiselt ajaloolisel V\u00f5romaa alal elav rahvas. T\u00e4nap\u00e4eval jagunevad vana V\u00f5romaa kaheksa kihelkonda (Kanepi, P\u00f5lva, R\u00e4pina, Urvaste, Karula, Hargla, R\u00f5uge ja Vastseliina) V\u00f5ru, P\u00f5lva ja Valga maakondade vahel. V\u00f5rokesed on olnud osalised kaasaegse eesti rahvuse kujundamises ning enamasti ongi neid n\u00e4htud \u00fche eestlaste etnilise r\u00fchmana. Alates v\u00f5ro liikumise algusest hilistel 1980. aastatel on m\u00f5ned v\u00f5ro kultuuriedendajad hoidnud alal m\u00f5tet v\u00f5rokestest kui eraldi rahvast. &hellip; <a href=\"https:\/\/hoimuloimed.ee\/index.php\/hoimurahvad-ja-keeled\/vorokesed\/\" class=\"more-link\">Continue reading <span class=\"screen-reader-text\">V\u00f5rokesed<\/span><\/a><\/p>\n","protected":false},"author":1,"featured_media":0,"parent":221,"menu_order":0,"comment_status":"closed","ping_status":"closed","template":"","meta":{"footnotes":""},"class_list":["post-1333","page","type-page","status-publish","hentry"],"_links":{"self":[{"href":"https:\/\/hoimuloimed.ee\/index.php\/wp-json\/wp\/v2\/pages\/1333","targetHints":{"allow":["GET"]}}],"collection":[{"href":"https:\/\/hoimuloimed.ee\/index.php\/wp-json\/wp\/v2\/pages"}],"about":[{"href":"https:\/\/hoimuloimed.ee\/index.php\/wp-json\/wp\/v2\/types\/page"}],"author":[{"embeddable":true,"href":"https:\/\/hoimuloimed.ee\/index.php\/wp-json\/wp\/v2\/users\/1"}],"replies":[{"embeddable":true,"href":"https:\/\/hoimuloimed.ee\/index.php\/wp-json\/wp\/v2\/comments?post=1333"}],"version-history":[{"count":2,"href":"https:\/\/hoimuloimed.ee\/index.php\/wp-json\/wp\/v2\/pages\/1333\/revisions"}],"predecessor-version":[{"id":1348,"href":"https:\/\/hoimuloimed.ee\/index.php\/wp-json\/wp\/v2\/pages\/1333\/revisions\/1348"}],"up":[{"embeddable":true,"href":"https:\/\/hoimuloimed.ee\/index.php\/wp-json\/wp\/v2\/pages\/221"}],"wp:attachment":[{"href":"https:\/\/hoimuloimed.ee\/index.php\/wp-json\/wp\/v2\/media?parent=1333"}],"curies":[{"name":"wp","href":"https:\/\/api.w.org\/{rel}","templated":true}]}}