{"id":205,"date":"2020-10-07T22:03:04","date_gmt":"2020-10-07T19:03:04","guid":{"rendered":"http:\/\/www.hoimuloimed.ee\/?page_id=205"},"modified":"2025-11-24T16:08:28","modified_gmt":"2025-11-24T13:08:28","slug":"kannu-peal-kabi","status":"publish","type":"page","link":"https:\/\/hoimuloimed.ee\/index.php\/kannu-peal-kabi\/","title":{"rendered":"K\u00e4nnu Peal K\u00e4bi"},"content":{"rendered":"\n<p>Kui ansambel K\u00e4nnu Peal K\u00e4bi 2018. aasta hakul Tartus Supilinnas oma esimese proovi tegi, olid ootused k\u00fcll k\u00f5rged, kuid p\u00e4ris t\u00e4pselt ei kujutanud veel keegi ette, mis \u00fchisest musitseerimisest v\u00e4lja tulema hakkab. \u00dcks oli aga kohemaid kindel \u2013 k\u00f5ik laulud peavad k\u00f5lama uurali keeltes. Esiti p\u00fchendus ansambel vadja repertuaarile, kuid \u00f5ige pea hakkas lugusid juurde sirguma ka teistes keeltes. Eesm\u00e4rk, mille poole K\u00e4nnu Peal K\u00e4bi j\u00f5udum\u00f6\u00f6da r\u00fchib, on \u00fchel heal p\u00e4eval p\u00fc\u00fcda k\u00f5ik uurali keeled oma laululugudesse. Teekond j\u00e4tkub.<\/p>\n\n\n\n<figure class=\"wp-block-image size-large\"><img loading=\"lazy\" decoding=\"async\" width=\"1024\" height=\"682\" src=\"http:\/\/www.hoimuloimed.ee\/wp-content\/uploads\/2023\/09\/KTT1331-2-1024x682.jpg\" alt=\"\" class=\"wp-image-934\" srcset=\"https:\/\/hoimuloimed.ee\/wp-content\/uploads\/2023\/09\/KTT1331-2-1024x682.jpg 1024w, https:\/\/hoimuloimed.ee\/wp-content\/uploads\/2023\/09\/KTT1331-2-300x200.jpg 300w, https:\/\/hoimuloimed.ee\/wp-content\/uploads\/2023\/09\/KTT1331-2-768x512.jpg 768w, https:\/\/hoimuloimed.ee\/wp-content\/uploads\/2023\/09\/KTT1331-2-1536x1024.jpg 1536w, https:\/\/hoimuloimed.ee\/wp-content\/uploads\/2023\/09\/KTT1331-2-2048x1365.jpg 2048w, https:\/\/hoimuloimed.ee\/wp-content\/uploads\/2023\/09\/KTT1331-2-135x90.jpg 135w\" sizes=\"auto, (max-width: 1024px) 100vw, 1024px\" \/><\/figure>\n\n\n\n<p>Osa meie lugusid leiab ka <a rel=\"noreferrer noopener\" href=\"https:\/\/www.youtube.com\/channel\/UCrtOlQIV4T8pipxOxo-ig8w\" target=\"_blank\">meie youtube&#8217;i kanalil<\/a>. <\/p>\n\n\n\n<p>Meiega saab v\u00f5tta \u00fchendust kirjutades meiliaadressile kannupealkabi@hoimuloimed.ee<\/p>\n\n\n\n<h4 class=\"wp-block-heading\">Ansambli tulevased esinemised<\/h4>\n\n\n\n<p><\/p>\n\n\n\n<p><\/p>\n\n\n\n<h4 class=\"wp-block-heading\">Ansambli m\u00f6\u00f6dunud esinemised<\/h4>\n\n\n\n<h5 class=\"wp-block-heading\"><strong><strong>202<\/strong><\/strong>5<\/h5>\n\n\n\n<p>19. oktoober \u2013 ETV saade &#8220;Prillitoos&#8221;<\/p>\n\n\n\n<p>10. oktoober \u2013 H\u00f5imup\u00e4evade Tartu p\u00e4rimusmuusika kontsert, raamatuesitlus ja kogukonna\u00f5htu @ Karlova Teater, Tartu<\/p>\n\n\n\n<p>9. oktoober \u2013 MEDAL konsortsiumi l\u00f5pukonverentsi &#8220;Methodological Excellence in Data-Driven Approaches to Linguistics: New challenges, novel approaches&#8221; vastuv\u00f5tt @ T\u00dc muuseumi valge saal, Tartu<\/p>\n\n\n\n<p>19. august \u2013 Congressus XIV Internationalis Fenno-Ugristarum (CIFU) vastuv\u00f5tt @ T\u00dc muuseumi valge saal, Tartu<\/p>\n\n\n\n<p>30. juuni \u2013 HARNO konverentsi &#8220;Eesti keel ja kultuur maailmas&#8221; vastuv\u00f5tt @ T\u00dc muuseumi valge saal, Tartu<\/p>\n\n\n\n<p>4. aprill \u2013 Tallinn Music Week: Fenno-Ugria \u00d5htu @ F-hoone, Tallinn<\/p>\n\n\n\n<p>19. veebruar \u2013 Ansambli K\u00e4nnu Peal K\u00e4bi kontsert @ Alle-Saija Teatritalu<\/p>\n\n\n\n<h5 class=\"wp-block-heading\"><strong><strong>202<\/strong><\/strong>4<\/h5>\n\n\n\n<p>9. august \u2013 esinemine Filmi-Vargam\u00e4el @ Filmi-Vargam\u00e4e<\/p>\n\n\n\n<p>25. mai \u2013 M\u00e4ksa Maanaiste Seltsi juubel @ Melliste<\/p>\n\n\n\n<p>4. aprill \u2013 Tallinn Music Week: Fenno-Ugria \u00d5htu @ F-hoone, Tallinn<\/p>\n\n\n\n<h5 class=\"wp-block-heading\"><strong>2023<\/strong><\/h5>\n\n\n\n<p>18. november \u2013 Tartu Folgi P\u00e4rimuspidu @ Luunja Kultuuri- ja Vabaajakeskuse saal<\/p>\n\n\n\n<p>16. november \u2013 Tartu Folgi P\u00e4rimusmuusika \u00f5htu @ Karlova teater, Tartu<\/p>\n\n\n\n<p>21. oktoober \u2013 h\u00f5imup\u00e4evade peakontsert @ Eesti Rahva Muuseum, Tartu<\/p>\n\n\n\n<p>7. oktoober \u2013 h\u00f5imukontsert Torma k\u00fclas @ Torma k\u00fcla<\/p>\n\n\n\n<p>7. oktoober \u2013  esinemine Tapiku k\u00f5rvitsap\u00e4eval @ Tapiku<\/p>\n\n\n\n<ol class=\"wp-block-list\">\n<li>oktoober \u2013 ERMi kaast\u00f6\u00f6liste p\u00e4ev @ Eesti Rahva Muuseum, Tartu<\/li>\n<\/ol>\n\n\n\n<p>23. september \u2013 Etnolaat @ Tallinna Raekojaplats<\/p>\n\n\n\n<p>23. september \u2013 kontsert Pirita raamatukogus @ Pirita raamatukogu<\/p>\n\n\n\n<p>16. september \u2013 ERMi h\u00f5imuklubi v\u00e4ljas\u00f5it \u201cLiivlaste maa m\u00f5lemal pool riigipiiri\u201d @ Kohvik Livi Avat, Ikla<\/p>\n\n\n\n<p>15. september \u2013 Tartu \u00dclikooli eesti ja \u00fcldkeeleteaduse instituudi aasta alguse pidu @ Tartu Loodusmaja<\/p>\n\n\n\n<p>9. september \u2013 Mulgi Meefestival @ Karksi-Nuia<\/p>\n\n\n\n<p>1. september \u2013 \u201cP\u00e4rimusaastaring\u201d n\u00e4ituse avamine @ Eesti Kirjandusmuuseum, Tartu<\/p>\n\n\n\n<p>12. august \u2013 ObiNizza \u00fc\u00fclokaal Setomaa kostip\u00e4iv\u00e4l  @ Obinitsa<\/p>\n\n\n\n<p>9. august \u2013 Tartu \u00dclikooli suvekool @ Genialistide Klubi, Tartu<\/p>\n\n\n\n<p>22. juuli \u2013 Murdemuusikakontsert @ Kodavere P\u00e4rimuskeskus, Pala<\/p>\n\n\n\n<p>9. juuli \u2013 Rannakiele p\u00e4iv\u00e4d @ Virve k\u00fcla<\/p>\n\n\n\n<p>2. juuli \u2013 kirikukontsert Sommelo festivali raames @ Kuhmo kirik, Kuhmo (Soome)<\/p>\n\n\n\n<p>1. juuli \u2013 esinemine Sommelo festivali raames @ Sommelon klubi Kaesan kotileipomon kahvila, Kuhmo (Soome)<\/p>\n\n\n\n<p>27. mai \u2013 ERMi h\u00f5imuklubi v\u00e4ljas\u00f5it \u201cL\u00c4\u00c4NEmeresoomeline IDA-Virumaa\u201d @ Alutaguse rahvuspargi k\u00fclastuskeskus (Kauksi) &amp; Narva Ingeri Maja<\/p>\n\n\n\n<p>17. mai \u2013 IFUSCO konverentsi ugrimugri \u00f5htu @ Q-talo, Turu (Soome)<\/p>\n\n\n\n<p>21. aprill \u2013 seminar \u201cNaine ersa ja mok\u0161a kultuuris\u201d @ Eesti Kirjandusmuuseum<\/p>\n\n\n\n<h5 class=\"wp-block-heading\"><strong>2022<\/strong><\/h5>\n\n\n\n<p>23. oktoober \u2013 Assikvere pirukapidu @ Assikvere seltsimaja, Peipsi\u00e4\u00e4re vald<\/p>\n\n\n\n<p>16. oktoober \u2013 H\u00f5imup\u00e4evade peakontsert &#8220;Kiri kodukanti&#8221; @ Eesti Rahva Muuseum, Tartu<\/p>\n\n\n\n<p>15. oktoober \u2013 H\u00f5imup\u00e4evade peakontsert &#8220;Kiri kodukanti&#8221; @ Vaba Lava, Tallinn<\/p>\n\n\n\n<p>17. september \u2013 Etnolaat @ Raekoja plats, Tallinn<\/p>\n\n\n\n<p>9. september \u2013 Tartu \u00dclikooli eesti ja \u00fcldkeeleteaduse instituudi tervituspidu @ Tartu loodusmaja<\/p>\n\n\n\n<p>16. juuli \u2013 R\u00f5uge Rauatalgud @ R\u00f5uge muinastalu, V\u00f5rumaa<\/p>\n\n\n\n<p>26. mai \u2013 IFUSCO konverentsi ugrimugri \u00f5htu @ \u0426\u0435\u0440\u043a\u043e\u0432\u044c \u0425\u0440\u0438\u0441\u0442\u0430 \u0421\u043f\u0430\u0441\u0438\u0442\u0435\u043b\u044f, &#8220;XXI \u0412\u0435\u043a&#8221;, Praha (T\u0161ehhi)<\/p>\n\n\n\n<p>26. jaanuar \u2013 ERMi h\u00f5imuklubi @ Eesti Rahva Muuseum, Tartu<\/p>\n\n\n\n<h5 class=\"wp-block-heading\"><strong>2021<\/strong><\/h5>\n\n\n\n<p>17. oktoober \u2013 H\u00f5imup\u00e4evade peakontsert @ Eesti Rahva Muuseum, Tartu<\/p>\n\n\n\n<p>31. juuli \u2013 VI Mulgi pidu @ Karksi, Mulgimaa<\/p>\n\n\n\n<p>17. juuni \u2013 &#8220;Soome-ugri m\u00f5tter\u00e4nnakud&#8221; kontsert ja arutelu\u00f5htu @ Tartu loodusmaja <\/p>\n\n\n\n<p>13. veebruar \u2013 Soome-ugri kultuuripealinna avakontsert @ Abja-Paluoja, Mulgimaa<\/p>\n\n\n\n<h5 class=\"wp-block-heading\">2020<\/h5>\n\n\n\n<p>10. november \u2013 K\u00e4nnu Peal K\u00e4bi kontsert @ M\u00e4rjamaa valla raamatukogu<\/p>\n\n\n\n<p>17. oktoober \u2013 H\u00f5imup\u00e4evade peakontsert  @ Eesti Rahva Muuseum, Tartu<\/p>\n\n\n\n<p>12. oktoober \u2013 Mulgimaa lipu p\u00e4ev ja uue Mulgi vanema v\u00e4ljakuulutamine @ Mulgi Majakas, Mustla<\/p>\n\n\n\n<p>19. august \u2013 Mudaaugu Tiigifestival @ K\u00e4rsa k\u00fcla, P\u00f5lvamaa<\/p>\n\n\n\n<p>30. juuli \u2013 Soome-ugri filmifestival FUFF @ S\u00e4nna kultuurim\u00f5is&nbsp;<\/p>\n\n\n\n<h5 class=\"wp-block-heading\">2019<\/h5>\n\n\n\n<p>19. oktoober \u2013 \u201eEt mu keel homme elaks\u201c (Albert Razini m\u00e4lestuseks) @ Tartu \u00dclikool, Tartu<\/p>\n\n\n\n<p>18. oktoober \u2013 H\u00f5imup\u00e4ev @ V\u00e4ike-Maarja Muuseum, V\u00e4ike-Maarja<\/p>\n\n\n\n<p>25. aprill \u2013 IFUSCO konverentsi kultuuri\u00f5htu @ Pfarre St. Glorian, Viin (Austria)<\/p>\n\n\n\n<p>26. m\u00e4rts \u2013 Heinike Heinsoo ettekande\u00f5htul ERMi h\u00f5imuklubis @ Eesti Rahva Muuseum, Tartu<\/p>\n\n\n\n<h5 class=\"wp-block-heading\">2018<\/h5>\n\n\n\n<p>5. detsember \u2013 Heinike Heinsoo vadja-teemaliste raamatute \u201eSuuri p\u00e4ive\u201c ja \u201eMe\u010f\u010fe va\u010f\u010fa\u201c esitlus H\u00f5imuklubis @ Eesti Keele Instituut, Tallinn<\/p>\n\n\n\n<p>13. november \u2013 Heinike Heinsoo vadja-teemaliste raamatute \u201eSuuri p\u00e4ive\u201c ja \u201eMe\u010f\u010fe va\u010f\u010fa\u201c esitlus @ Ingeri Maja, Tartu<\/p>\n\n\n\n<p>21. oktoober \u2013 H\u00f5imup\u00e4evad @ Eesti Rahva Muuseum, Tartu<\/p>\n\n\n\n<p>2. mai \u2013 IFUSCO konverentsi kultuuri\u00f5htu @ Genialistide klubi, Tartu<\/p>\n","protected":false},"excerpt":{"rendered":"<p>Kui ansambel K\u00e4nnu Peal K\u00e4bi 2018. aasta hakul Tartus Supilinnas oma esimese proovi tegi, olid ootused k\u00fcll k\u00f5rged, kuid p\u00e4ris t\u00e4pselt ei kujutanud veel keegi ette, mis \u00fchisest musitseerimisest v\u00e4lja tulema hakkab. \u00dcks oli aga kohemaid kindel \u2013 k\u00f5ik laulud peavad k\u00f5lama uurali keeltes. Esiti p\u00fchendus ansambel vadja repertuaarile, kuid \u00f5ige pea hakkas lugusid juurde sirguma ka teistes keeltes. Eesm\u00e4rk, mille poole K\u00e4nnu Peal K\u00e4bi &hellip; <a href=\"https:\/\/hoimuloimed.ee\/index.php\/kannu-peal-kabi\/\" class=\"more-link\">Continue reading <span class=\"screen-reader-text\">K\u00e4nnu Peal K\u00e4bi<\/span><\/a><\/p>\n","protected":false},"author":1,"featured_media":0,"parent":0,"menu_order":0,"comment_status":"closed","ping_status":"closed","template":"","meta":{"footnotes":""},"class_list":["post-205","page","type-page","status-publish","hentry"],"_links":{"self":[{"href":"https:\/\/hoimuloimed.ee\/index.php\/wp-json\/wp\/v2\/pages\/205","targetHints":{"allow":["GET"]}}],"collection":[{"href":"https:\/\/hoimuloimed.ee\/index.php\/wp-json\/wp\/v2\/pages"}],"about":[{"href":"https:\/\/hoimuloimed.ee\/index.php\/wp-json\/wp\/v2\/types\/page"}],"author":[{"embeddable":true,"href":"https:\/\/hoimuloimed.ee\/index.php\/wp-json\/wp\/v2\/users\/1"}],"replies":[{"embeddable":true,"href":"https:\/\/hoimuloimed.ee\/index.php\/wp-json\/wp\/v2\/comments?post=205"}],"version-history":[{"count":29,"href":"https:\/\/hoimuloimed.ee\/index.php\/wp-json\/wp\/v2\/pages\/205\/revisions"}],"predecessor-version":[{"id":1420,"href":"https:\/\/hoimuloimed.ee\/index.php\/wp-json\/wp\/v2\/pages\/205\/revisions\/1420"}],"wp:attachment":[{"href":"https:\/\/hoimuloimed.ee\/index.php\/wp-json\/wp\/v2\/media?parent=205"}],"curies":[{"name":"wp","href":"https:\/\/api.w.org\/{rel}","templated":true}]}}