{"id":318,"date":"2020-10-21T19:07:28","date_gmt":"2020-10-21T16:07:28","guid":{"rendered":"http:\/\/www.hoimuloimed.ee\/?page_id=318"},"modified":"2026-03-16T17:50:16","modified_gmt":"2026-03-16T14:50:16","slug":"kontakt","status":"publish","type":"page","link":"https:\/\/hoimuloimed.ee\/index.php\/kontakt\/","title":{"rendered":"Kontakt"},"content":{"rendered":"\n<p>K\u00fcsimuste korral kirjuta meile: info@hoimuloimed.ee<br>\u00dchendust saad v\u00f5tta ka sotsiaalmeedias, kirjutades meile <a rel=\"noreferrer noopener\" href=\"https:\/\/www.facebook.com\/hoimuloimed\" target=\"_blank\">Facebookis<\/a>&nbsp;v\u00f5i <a rel=\"noreferrer noopener\" href=\"https:\/\/www.instagram.com\/fennourg\/\" target=\"_blank\">Instagramis<\/a>.<br>Ansambli K\u00e4nnu Peal K\u00e4biga saab v\u00f5tta \u00fchendust kirjutades meiliaadressile kannupealkabi@hoimuloimed.ee<\/p>\n\n\n\n<p id=\"block-89cc76a1-3ce9-400c-a206-3a05173648ac\">H\u00f5imul\u00f5imed esindab Eesti soome-ugri liikumise uut p\u00f5lvkonda. Tegutseme peamiselt <strong>Tartus<\/strong> ning kohtume seal v\u00e4hemalt kord kuus. Kui tahad meie MT\u00dc-ga liituda, tutvu <a href=\"http:\/\/www.hoimuloimed.ee\/index.php\/kes-me-oleme\/pohikiri\/\">meie p\u00f5hikirjaga<\/a> ning saada meile digiallkirjastatud (vabas vormis) sooviavaldus koos motivatsioonikirjaga. Tartus toimuvatele koosolekutele on v\u00f5imalik kuulama tulla ka siis, kui ei ole oma liitumissoovis veel kindel. Ootame uusi soome-ugri huvilisi oma seltskonnaga liituma igal ajal!<\/p>\n\n\n\n<div style=\"height:32px\" aria-hidden=\"true\" class=\"wp-block-spacer desktop-only\"><\/div>\n","protected":false},"excerpt":{"rendered":"<p>K\u00fcsimuste korral kirjuta meile: info@hoimuloimed.ee\u00dchendust saad v\u00f5tta ka sotsiaalmeedias, kirjutades meile Facebookis&nbsp;v\u00f5i Instagramis.Ansambli K\u00e4nnu Peal K\u00e4biga saab v\u00f5tta \u00fchendust kirjutades meiliaadressile kannupealkabi@hoimuloimed.ee H\u00f5imul\u00f5imed esindab Eesti soome-ugri liikumise uut p\u00f5lvkonda. Tegutseme peamiselt Tartus ning kohtume seal v\u00e4hemalt kord kuus. Kui tahad meie MT\u00dc-ga liituda, tutvu meie p\u00f5hikirjaga ning saada meile digiallkirjastatud (vabas vormis) sooviavaldus koos motivatsioonikirjaga. Tartus toimuvatele koosolekutele on v\u00f5imalik kuulama tulla ka siis, kui &hellip; <a href=\"https:\/\/hoimuloimed.ee\/index.php\/kontakt\/\" class=\"more-link\">Continue reading <span class=\"screen-reader-text\">Kontakt<\/span><\/a><\/p>\n","protected":false},"author":1,"featured_media":0,"parent":0,"menu_order":0,"comment_status":"closed","ping_status":"closed","template":"","meta":{"footnotes":""},"class_list":["post-318","page","type-page","status-publish","hentry"],"_links":{"self":[{"href":"https:\/\/hoimuloimed.ee\/index.php\/wp-json\/wp\/v2\/pages\/318","targetHints":{"allow":["GET"]}}],"collection":[{"href":"https:\/\/hoimuloimed.ee\/index.php\/wp-json\/wp\/v2\/pages"}],"about":[{"href":"https:\/\/hoimuloimed.ee\/index.php\/wp-json\/wp\/v2\/types\/page"}],"author":[{"embeddable":true,"href":"https:\/\/hoimuloimed.ee\/index.php\/wp-json\/wp\/v2\/users\/1"}],"replies":[{"embeddable":true,"href":"https:\/\/hoimuloimed.ee\/index.php\/wp-json\/wp\/v2\/comments?post=318"}],"version-history":[{"count":7,"href":"https:\/\/hoimuloimed.ee\/index.php\/wp-json\/wp\/v2\/pages\/318\/revisions"}],"predecessor-version":[{"id":1455,"href":"https:\/\/hoimuloimed.ee\/index.php\/wp-json\/wp\/v2\/pages\/318\/revisions\/1455"}],"wp:attachment":[{"href":"https:\/\/hoimuloimed.ee\/index.php\/wp-json\/wp\/v2\/media?parent=318"}],"curies":[{"name":"wp","href":"https:\/\/api.w.org\/{rel}","templated":true}]}}