{"id":336,"date":"2020-10-21T19:22:44","date_gmt":"2020-10-21T16:22:44","guid":{"rendered":"http:\/\/www.hoimuloimed.ee\/?page_id=336"},"modified":"2025-02-26T19:10:49","modified_gmt":"2025-02-26T16:10:49","slug":"komid","status":"publish","type":"page","link":"https:\/\/hoimuloimed.ee\/index.php\/hoimurahvad-ja-keeled\/komid\/","title":{"rendered":"Komid"},"content":{"rendered":"\n<p>Komid on rahvas v\u00f5i \u00fcksteisele etniliselt l\u00e4hedaste soome-ugri rahvaste r\u00fchm, kelle p\u00f5lised asualad paiknevad Kirde-Euroopas Uurali m\u00e4eahelikust l\u00e4\u00e4ne pool. Suurem osa komide elupaikadest asub suurte taigametsade v\u00f6\u00f6ndis, kuid p\u00f5hjapoolsed asualad ulatuvad tundra- ja metsatundraaladele ning l\u00f5unapoolsed parasv\u00f6\u00f6tme segametsadeni. Seet\u00f5ttu on ka komide traditsioonilised tegevusalad varieerunud s\u00f5ltuvalt loodusoludest \u2013 metsade alal jahindus ja kalap\u00fc\u00fck, tundrates p\u00f5hjap\u00f5drakasvatus, l\u00f5una pool p\u00f5llumajandus. Ajalooliselt on komi mehed<br>olnud ka aktiivsed kaupmehed ning osalenud Vene koloniseerimiskampaaniates. P\u00f5hjap\u00f5drakasvatajatena on nad asunud elama mitmele poole Kaug-P\u00f5hja, sealhulgas ida poole Uuraleid hantide ja manside ning Koola poolsaarele saamide sekka. <\/p>\n\n\n\n<p>Komi keel jaguneb mitmesse etnilisse ja murder\u00fchma. Viimaseid on peetud ka eri keelteks \u2013 s\u00fcrja-, permi-, jazva- ja i\u017emakomi. Neist kahel esimesel on oma standardiseeritud kirillitsat kasutavad kirjakeeled. Koos udmurdi keelega kuuluvad komi keeled soome-ugri permi keeler\u00fchma.<\/p>\n\n\n\n<figure class=\"wp-block-image size-large is-style-default\"><img loading=\"lazy\" decoding=\"async\" width=\"1024\" height=\"811\" src=\"http:\/\/www.hoimuloimed.ee\/wp-content\/uploads\/2023\/10\/Kaart-komid-1024x811.png\" alt=\"\" class=\"wp-image-941\" srcset=\"https:\/\/hoimuloimed.ee\/wp-content\/uploads\/2023\/10\/Kaart-komid-1024x811.png 1024w, https:\/\/hoimuloimed.ee\/wp-content\/uploads\/2023\/10\/Kaart-komid-300x238.png 300w, https:\/\/hoimuloimed.ee\/wp-content\/uploads\/2023\/10\/Kaart-komid-768x608.png 768w, https:\/\/hoimuloimed.ee\/wp-content\/uploads\/2023\/10\/Kaart-komid-1536x1217.png 1536w, https:\/\/hoimuloimed.ee\/wp-content\/uploads\/2023\/10\/Kaart-komid-2048x1622.png 2048w, https:\/\/hoimuloimed.ee\/wp-content\/uploads\/2023\/10\/Kaart-komid-114x90.png 114w\" sizes=\"auto, (max-width: 1024px) 100vw, 1024px\" \/><figcaption>Komide peamised keeler\u00fchmad. Heleroheline \u2013 s\u00fcrjakomi (1). Keskmine roheline \u2013 permikomi (2). Tumeroheline \u2013 jazvakomi (3).<br>(Kaart: https:\/\/bedlan.net\/data\/)<\/figcaption><\/figure>\n\n\n\n<p>Venemaa F\u00f6deratsiooni 2020. aasta rahvaloendusel pandi kirja 143 516 komi (peamiselt s\u00fcrjakomid, ent nende seas ka 4748 i\u017emakomi) ning 55 786 permikomi. Arvud on kahanemistrendis \u2013 2010. aasta rahvaloenduse andmetel oli komisid 228 235 (sh i\u017emakomisid 6420) ja permikomisid 94 456. Rahvaarvu v\u00e4henemist p\u00f5hjustavad madal s\u00fcndivus ja assimileerumine venelastesse. Eesti Vabariigis elab 2021. aasta rahvaloenduse p\u00f5hjal 89 komi.<br><\/p>\n\n\n\n<p>S\u00fcrjakomi keele k\u00f5nelejaid oli 2020. aastal 108 958, permikomi k\u00f5nelejaid 41 447 inimest. Viimase k\u00fcmne aasta jooksul on keelte k\u00f5nelejate arv v\u00e4henenud umbes kolmandiku v\u00f5rra. Selle peamiseks p\u00f5hjuseks on s\u00fcvenev venestamine koolihariduses ja muudes praktilise asjaajamise valdkondades, mis surub komi keele n-\u00f6 k\u00f6\u00f6gikeele staatusesse. Seet\u00f5ttu ei pea paljud komi vanemad enam vajalikuks \u00f5petada emakeelt oma lastele ning komi keele tulevikuv\u00e4ljavaated ahenevad. Probleeme on valmistanud ka Venemaa F\u00f6deratsiooni keskv\u00f5imu hoolimatu suhtumine Komimaa looduskeskkonda.<\/p>\n\n\n\n<p><br>\u00d5igupoolest on komid \u00fcks vanima kirjakultuuriga soome-ugri rahvaid. 14.\u201317. sajandini oli neil kasutuses spetsiaalne komi t\u00e4hestik <em>anbur<\/em> ehk <em>abur<\/em>. Kuigi varauusajal h\u00e4\u00e4bus anbur \u00f5igeusu kirikuv\u00f5imude survel, on t\u00e4hestik leidnud taaskasutust kaasajal nii m\u00f5ningate komi aktivistide<br>seas kui ka n\u00e4iteks Soome h\u00f5imuliikumises (kus tegutseb ka anburit propageeriv <a rel=\"noreferrer noopener\" href=\"https:\/\/anburseura.wordpress.com\/\" data-type=\"URL\" data-id=\"https:\/\/anburseura.wordpress.com\/\" target=\"_blank\">Soome Anburi Selts<\/a>).<\/p>\n\n\n\n<p>Eesti keeles pakuvad p\u00f5hjalikumat lugemist komide kohta <a href=\"https:\/\/fennougria.ee\/rahvad\/komid\/\">Fenno-Ugria Asutuse koduleht<\/a>, <a href=\"https:\/\/www.folklore.ee\/rl\/folkte\/sugri\/komi\/\">Eesti Rahvaluulearhiivi koduleht<\/a>, <a rel=\"noreferrer noopener\" href=\"https:\/\/www.erm.ee\/komid\" target=\"_blank\">Eesti Rahva Muuseumi koduleht<\/a> ja <a rel=\"noreferrer noopener\" href=\"https:\/\/et.wikipedia.org\/wiki\/Komid\" target=\"_blank\">Vikipeedia<\/a>.<\/p>\n\n\n\n<p><br>Ansambel K\u00e4nnu Peal K\u00e4bi repertuaaris esindab komi keelt laul \u201c\u0421\u0451\u0440\u043d\u0438\u043a\u0443\u0442\u0430\u043d\u201d, mis on cover v\u00f5rokeelsest laulust \u201cK\u00f5n\u00f5traat\u201d:<\/p>\n\n\n\n<figure class=\"wp-block-embed-youtube wp-block-embed is-type-video is-provider-youtube wp-embed-aspect-16-9 wp-has-aspect-ratio\"><div class=\"wp-block-embed__wrapper\">\n<iframe loading=\"lazy\" title=\"K\u00e4nnu Peal K\u00e4bi - \u0421\u0451\u0440\u043d\u0438\u043a\u0443\u0442\u0430\u043d (K\u00f5n\u00f5traat)\" width=\"720\" height=\"405\" src=\"https:\/\/www.youtube.com\/embed\/5uEHrMDnq_s?feature=oembed\" frameborder=\"0\" allow=\"accelerometer; autoplay; clipboard-write; encrypted-media; gyroscope; picture-in-picture; web-share\" referrerpolicy=\"strict-origin-when-cross-origin\" allowfullscreen><\/iframe>\n<\/div><\/figure>\n\n\n\n<p>Bog\u00e1ta Tim\u00e1r on teinud videointervjuu komi aktivisti Aleksei Ivanoviga poliitilistest oludest ja piirangutest komi keele kasutamisel praeguses Venemaa F\u00f6deratsiooni Komi Vabariigis:<\/p>\n\n\n\n<figure class=\"wp-block-embed-youtube wp-block-embed is-type-video is-provider-youtube wp-embed-aspect-16-9 wp-has-aspect-ratio\"><div class=\"wp-block-embed__wrapper\">\n<iframe loading=\"lazy\" title=\"Interview with Aleksei Ivanov 08.06.2022.\" width=\"720\" height=\"405\" src=\"https:\/\/www.youtube.com\/embed\/qJKfD41Bsgc?feature=oembed\" frameborder=\"0\" allow=\"accelerometer; autoplay; clipboard-write; encrypted-media; gyroscope; picture-in-picture; web-share\" referrerpolicy=\"strict-origin-when-cross-origin\" allowfullscreen><\/iframe>\n<\/div><\/figure>\n\n\n\n<p><a rel=\"noreferrer noopener\" href=\"http:\/\/www.hoimuloimed.ee\/index.php\/2021\/01\/20\/kuidas-tahistavad-joule-soome-ugri-rahvad\/\" target=\"_blank\">Meie blogis<\/a> on Anna Kuznetsova tutvustanud komide rahvalikke j\u00f5ulukombeid.<\/p>\n\n\n\n<div class=\"wp-block-otfm-box-spoiler-start otfm-sp__wrapper otfm-sp__box js-otfm-sp-box__closed otfm-sp__f5f5f5\" role=\"button\" tabindex=\"0\" aria-expanded=\"false\" data-otfm-spc=\"#f5f5f5\" style=\"text-align:left\"><div class=\"otfm-sp__title\"><strong><span class=\"has-inline-color has-vivid-red-color\">Keele\u00f5ppe materjalid veebis<\/span><\/strong><\/div><\/div>\n\n\n\n<p><a href=\"https:\/\/www.eki.ee\/dict\/komi\/\">Eesti-komi s\u00f5naraamat<\/a><br>Eesti Keele Instituudi koostatud eesti-komi s\u00f5naraamat<br><br><a rel=\"noreferrer noopener\" href=\"https:\/\/www.youtube.com\/playlist?list=PL_MRBVBhsRUg9SJKw6Qye3HicsgOwenrp\" target=\"_blank\">Komi keele \u00f5ppevideod<\/a><br>M. N. Lebedevi nimelise Kortkerosi keskraamatukogu loodud komi keele \u00f5ppevideode sari (vene keeles)<br><br><a href=\"https:\/\/kv.wikipedia.org\/wiki\/%D0%9C%D0%B5%D0%B4%D1%88%D3%A7%D1%80_%D0 %BB%D0%B8%D1%81%D1%82_%D0%B1%D0%BE%D0%BA\">Komikeelne Vikipeedia<\/a><br><br><a href=\"https:\/\/www.nbrkomi.ru\/str\/id\/249-1\">Komikeelsed uudised<\/a><br>Kohalikud uudised Komi Vabariigi rahvusraamatukogu kodulehel<\/p>\n\n\n\n<div class=\"wp-block-otfm-box-spoiler-end otfm-sp_end\"><\/div>\n\n\n\n<div class=\"wp-block-otfm-box-spoiler-start otfm-sp__wrapper otfm-sp__box js-otfm-sp-box__closed otfm-sp__f5f5f5\" role=\"button\" tabindex=\"0\" aria-expanded=\"false\" data-otfm-spc=\"#f5f5f5\" style=\"text-align:left\"><div class=\"otfm-sp__title\"><span class=\"has-inline-color has-vivid-red-color\"><strong>Muusika<\/strong><\/span><\/div><\/div>\n\n\n\n<div class=\"wp-block-media-text alignwide is-stacked-on-mobile\" style=\"grid-template-columns:24% auto\"><figure class=\"wp-block-media-text__media\"><img loading=\"lazy\" decoding=\"async\" width=\"953\" height=\"947\" src=\"http:\/\/www.hoimuloimed.ee\/wp-content\/uploads\/2020\/10\/schiz.png\" alt=\"\" class=\"wp-image-353\" srcset=\"https:\/\/hoimuloimed.ee\/wp-content\/uploads\/2020\/10\/schiz.png 953w, https:\/\/hoimuloimed.ee\/wp-content\/uploads\/2020\/10\/schiz-300x298.png 300w, https:\/\/hoimuloimed.ee\/wp-content\/uploads\/2020\/10\/schiz-150x150.png 150w, https:\/\/hoimuloimed.ee\/wp-content\/uploads\/2020\/10\/schiz-768x763.png 768w, https:\/\/hoimuloimed.ee\/wp-content\/uploads\/2020\/10\/schiz-91x90.png 91w\" sizes=\"auto, (max-width: 953px) 100vw, 953px\" \/><\/figure><div class=\"wp-block-media-text__content\">\n<p><strong>SCHiZ<\/strong><br><em>Death Metal<\/em><\/p>\n\n\n\n<p class=\"has-small-font-size\"><a href=\"https:\/\/www.metal-archives.com\/bands\/Schiz\/3540391436\" target=\"_blank\" rel=\"noreferrer noopener\">Metal Archives<\/a> \/ <a rel=\"noreferrer noopener\" href=\"https:\/\/vk.com\/schizdead\" target=\"_blank\">VKontakte<\/a> \/ <a href=\"https:\/\/www.youtube.com\/watch?v=TZ2rbJkZ-ys\">Youtube<\/a><\/p>\n<\/div><\/div>\n\n\n\n<p><\/p>\n\n\n\n<div class=\"wp-block-media-text alignwide is-stacked-on-mobile\" style=\"grid-template-columns:24% auto\"><figure class=\"wp-block-media-text__media\"><img loading=\"lazy\" decoding=\"async\" width=\"1024\" height=\"576\" src=\"http:\/\/www.hoimuloimed.ee\/wp-content\/uploads\/2023\/10\/aleksandran-1024x576.jpeg\" alt=\"\" class=\"wp-image-950\" srcset=\"https:\/\/hoimuloimed.ee\/wp-content\/uploads\/2023\/10\/aleksandran-1024x576.jpeg 1024w, https:\/\/hoimuloimed.ee\/wp-content\/uploads\/2023\/10\/aleksandran-300x169.jpeg 300w, https:\/\/hoimuloimed.ee\/wp-content\/uploads\/2023\/10\/aleksandran-768x432.jpeg 768w, https:\/\/hoimuloimed.ee\/wp-content\/uploads\/2023\/10\/aleksandran-160x90.jpeg 160w, https:\/\/hoimuloimed.ee\/wp-content\/uploads\/2023\/10\/aleksandran.jpeg 1280w\" sizes=\"auto, (max-width: 1024px) 100vw, 1024px\" \/><\/figure><div class=\"wp-block-media-text__content\">\n<p><strong>Aleksandra Nogieva ja PopCorn<\/strong><br><em>Pop-rock<\/em><\/p>\n\n\n\n<p class=\"has-small-font-size\"><a href=\"https:\/\/open.spotify.com\/artist\/26cMpS106d0ce0E1L9yBfq\" target=\"_blank\" rel=\"noreferrer noopener\">Spotify<\/a> \/ <a rel=\"noreferrer noopener\" href=\"https:\/\/vk.com\/club123547355\" target=\"_blank\">VKontakte<\/a> \/ <a href=\"https:\/\/www.youtube.com\/@user-hk9ir9jw4x\/featured\">Youtube<\/a><\/p>\n<\/div><\/div>\n\n\n\n<p><\/p>\n\n\n\n<div class=\"wp-block-media-text alignwide is-stacked-on-mobile\" style=\"grid-template-columns:24% auto\"><figure class=\"wp-block-media-text__media\"><img loading=\"lazy\" decoding=\"async\" width=\"300\" height=\"168\" src=\"http:\/\/www.hoimuloimed.ee\/wp-content\/uploads\/2023\/10\/gogan.jpeg\" alt=\"\" class=\"wp-image-951\" srcset=\"https:\/\/hoimuloimed.ee\/wp-content\/uploads\/2023\/10\/gogan.jpeg 300w, https:\/\/hoimuloimed.ee\/wp-content\/uploads\/2023\/10\/gogan-161x90.jpeg 161w\" sizes=\"auto, (max-width: 300px) 100vw, 300px\" \/><\/figure><div class=\"wp-block-media-text__content\">\n<p><strong>\u0413\u043e\u0440\u0430\u043d\u044c<\/strong><br><em>Elektrooniline pop<\/em><\/p>\n\n\n\n<p class=\"has-small-font-size\"><a href=\"https:\/\/youtube.com\/playlist?list=PLv2AFMCJ9WlaUaWEithxGakBtx4OlUICU&amp;si=eGeRf-0-gnU2-bgf\">Youtube<\/a><\/p>\n<\/div><\/div>\n\n\n\n<p><strong>\u041a\u043e\u043c\u0438 \u0448\u044b\u043b\u0430\u0434 \/ Komi \u0161ylad<\/strong><br><em>Komi muusikale p\u00fchendatud Telegrami kanal<\/em><\/p>\n\n\n\n<p class=\"has-small-font-size\"><a href=\"https:\/\/t.me\/respublika_komi\" target=\"_blank\" rel=\"noreferrer noopener\">Telegram<\/a><\/p>\n\n\n\n<div class=\"wp-block-otfm-box-spoiler-end otfm-sp_end\"><\/div>\n\n\n\n<div class=\"wp-block-otfm-box-spoiler-start otfm-sp__wrapper otfm-sp__box js-otfm-sp-box__closed otfm-sp__f5f5f5\" role=\"button\" tabindex=\"0\" aria-expanded=\"false\" data-otfm-spc=\"#f5f5f5\" style=\"text-align:left\"><div class=\"otfm-sp__title\"><strong><span class=\"has-inline-color has-vivid-red-color\">Filmid<\/span><\/strong><\/div><\/div>\n\n\n\n<div class=\"wp-block-media-text alignwide is-stacked-on-mobile\" style=\"grid-template-columns:26% auto\"><figure class=\"wp-block-media-text__media\"><img loading=\"lazy\" decoding=\"async\" width=\"748\" height=\"398\" src=\"https:\/\/www.hoimuloimed.ee\/wp-content\/uploads\/2024\/11\/tospeakistoresist.png\" alt=\"\" class=\"wp-image-1276\" srcset=\"https:\/\/hoimuloimed.ee\/wp-content\/uploads\/2024\/11\/tospeakistoresist.png 748w, https:\/\/hoimuloimed.ee\/wp-content\/uploads\/2024\/11\/tospeakistoresist-300x160.png 300w, https:\/\/hoimuloimed.ee\/wp-content\/uploads\/2024\/11\/tospeakistoresist-169x90.png 169w\" sizes=\"auto, (max-width: 748px) 100vw, 748px\" \/><\/figure><div class=\"wp-block-media-text__content\">\n<p><strong>K\u00f5nelemine t\u00e4hendab vastupanemist<br>(To Speak is To Resist)<\/strong><br>Eesti \/ Soome, 2024<\/p>\n\n\n\n<p class=\"has-small-font-size\"><a href=\"https:\/\/vimeo.com\/986254263\" target=\"_blank\" rel=\"noreferrer noopener\">Vimeo<\/a><\/p>\n<\/div><\/div>\n\n\n\n<p><\/p>\n\n\n\n<div class=\"wp-block-media-text alignwide is-stacked-on-mobile\" style=\"grid-template-columns:26% auto\"><figure class=\"wp-block-media-text__media\"><img loading=\"lazy\" decoding=\"async\" width=\"1024\" height=\"536\" src=\"http:\/\/www.hoimuloimed.ee\/wp-content\/uploads\/2023\/10\/sizimfilm-1024x536.png\" alt=\"\" class=\"wp-image-954\" srcset=\"https:\/\/hoimuloimed.ee\/wp-content\/uploads\/2023\/10\/sizimfilm-1024x536.png 1024w, https:\/\/hoimuloimed.ee\/wp-content\/uploads\/2023\/10\/sizimfilm-300x157.png 300w, https:\/\/hoimuloimed.ee\/wp-content\/uploads\/2023\/10\/sizimfilm-768x402.png 768w, https:\/\/hoimuloimed.ee\/wp-content\/uploads\/2023\/10\/sizimfilm-172x90.png 172w, https:\/\/hoimuloimed.ee\/wp-content\/uploads\/2023\/10\/sizimfilm.png 1247w\" sizes=\"auto, (max-width: 1024px) 100vw, 1024px\" \/><\/figure><div class=\"wp-block-media-text__content\">\n<p><strong>Seitse lehist (\u0421\u0438\u0437\u0438\u043c \u043d\u0438\u0430)<\/strong><br>Dokumentaalfilm Jamali Neenetsi autonoomses ringkonnas elavatest i\u017emakomidest<br>Venemaa, 2020<\/p>\n\n\n\n<p class=\"has-small-font-size\"><a href=\"https:\/\/youtu.be\/2t029jArm8I?si=Gam3KS_0nMDNc5b6\" target=\"_blank\" rel=\"noreferrer noopener\">Youtube<\/a><\/p>\n<\/div><\/div>\n\n\n\n<p><\/p>\n\n\n\n<div class=\"wp-block-media-text alignwide is-stacked-on-mobile\" style=\"grid-template-columns:26% auto\"><figure class=\"wp-block-media-text__media\"><img loading=\"lazy\" decoding=\"async\" width=\"1024\" height=\"539\" src=\"http:\/\/www.hoimuloimed.ee\/wp-content\/uploads\/2023\/10\/gulen-1024x539.png\" alt=\"\" class=\"wp-image-955\" srcset=\"https:\/\/hoimuloimed.ee\/wp-content\/uploads\/2023\/10\/gulen-1024x539.png 1024w, https:\/\/hoimuloimed.ee\/wp-content\/uploads\/2023\/10\/gulen-300x158.png 300w, https:\/\/hoimuloimed.ee\/wp-content\/uploads\/2023\/10\/gulen-768x404.png 768w, https:\/\/hoimuloimed.ee\/wp-content\/uploads\/2023\/10\/gulen-171x90.png 171w, https:\/\/hoimuloimed.ee\/wp-content\/uploads\/2023\/10\/gulen.png 1211w\" sizes=\"auto, (max-width: 1024px) 100vw, 1024px\" \/><\/figure><div class=\"wp-block-media-text__content\">\n<p><strong>\u0413\u0443\u043b\u0435\u043d\u044c<\/strong><br>Animatsioon, Venemaa, 2018<\/p>\n\n\n\n<p class=\"has-small-font-size\"><a href=\"https:\/\/youtu.be\/q7jH95nuTp0?si=T_8yI6afHwEskC4h\" target=\"_blank\" rel=\"noreferrer noopener\">Youtube<\/a><\/p>\n<\/div><\/div>\n\n\n\n<p><\/p>\n\n\n\n<div class=\"wp-block-media-text alignwide is-stacked-on-mobile\" style=\"grid-template-columns:26% auto\"><figure class=\"wp-block-media-text__media\"><img loading=\"lazy\" decoding=\"async\" width=\"800\" height=\"600\" src=\"http:\/\/www.hoimuloimed.ee\/wp-content\/uploads\/2023\/10\/kolmsavipotti.jpeg\" alt=\"\" class=\"wp-image-953\" srcset=\"https:\/\/hoimuloimed.ee\/wp-content\/uploads\/2023\/10\/kolmsavipotti.jpeg 800w, https:\/\/hoimuloimed.ee\/wp-content\/uploads\/2023\/10\/kolmsavipotti-300x225.jpeg 300w, https:\/\/hoimuloimed.ee\/wp-content\/uploads\/2023\/10\/kolmsavipotti-768x576.jpeg 768w, https:\/\/hoimuloimed.ee\/wp-content\/uploads\/2023\/10\/kolmsavipotti-120x90.jpeg 120w\" sizes=\"auto, (max-width: 800px) 100vw, 800px\" \/><\/figure><div class=\"wp-block-media-text__content\">\n<p><strong>Kolm savipotti. Komi lugu<\/strong><br>Animatsioon, Eesti, 2016<\/p>\n\n\n\n<p class=\"has-small-font-size\"><a rel=\"noreferrer noopener\" href=\"https:\/\/www.efis.ee\/et\/filmiliigid\/film\/id\/18636\/\" target=\"_blank\">Eesti Filmi Andmebaas<\/a> \/ <a href=\"https:\/\/joonisfilm.ee\/filmid\/kolm-savipotti-komi-lugu\" target=\"_blank\" rel=\"noreferrer noopener\">Eesti Joonisfilmi koduleht<\/a> \/ <a href=\"https:\/\/vimeo.com\/219419520\" target=\"_blank\" rel=\"noreferrer noopener\">Vimeo<\/a><\/p>\n<\/div><\/div>\n\n\n\n<p><\/p>\n\n\n\n<div class=\"wp-block-media-text alignwide is-stacked-on-mobile\" style=\"grid-template-columns:26% auto\"><figure class=\"wp-block-media-text__media\"><img loading=\"lazy\" decoding=\"async\" width=\"1024\" height=\"695\" src=\"http:\/\/www.hoimuloimed.ee\/wp-content\/uploads\/2023\/10\/komiodja-1024x695.png\" alt=\"\" class=\"wp-image-952\" srcset=\"https:\/\/hoimuloimed.ee\/wp-content\/uploads\/2023\/10\/komiodja-1024x695.png 1024w, https:\/\/hoimuloimed.ee\/wp-content\/uploads\/2023\/10\/komiodja-300x204.png 300w, https:\/\/hoimuloimed.ee\/wp-content\/uploads\/2023\/10\/komiodja-768x521.png 768w, https:\/\/hoimuloimed.ee\/wp-content\/uploads\/2023\/10\/komiodja-133x90.png 133w, https:\/\/hoimuloimed.ee\/wp-content\/uploads\/2023\/10\/komiodja.png 1266w\" sizes=\"auto, (max-width: 1024px) 100vw, 1024px\" \/><\/figure><div class=\"wp-block-media-text__content\">\n<p><strong>\u041e\u0434\u044f<\/strong><br>Venemaa, 2003<\/p>\n\n\n\n<p class=\"has-small-font-size\"><a rel=\"noreferrer noopener\" href=\"https:\/\/www.youtube.com\/watch?v=bOr-CXtJ8bQ\" target=\"_blank\">Youtube<\/a><\/p>\n<\/div><\/div>\n\n\n\n<div class=\"wp-block-otfm-box-spoiler-end otfm-sp_end\"><\/div>\n\n\n\n<p><br><\/p>\n","protected":false},"excerpt":{"rendered":"<p>Komid on rahvas v\u00f5i \u00fcksteisele etniliselt l\u00e4hedaste soome-ugri rahvaste r\u00fchm, kelle p\u00f5lised asualad paiknevad Kirde-Euroopas Uurali m\u00e4eahelikust l\u00e4\u00e4ne pool. Suurem osa komide elupaikadest asub suurte taigametsade v\u00f6\u00f6ndis, kuid p\u00f5hjapoolsed asualad ulatuvad tundra- ja metsatundraaladele ning l\u00f5unapoolsed parasv\u00f6\u00f6tme segametsadeni. Seet\u00f5ttu on ka komide traditsioonilised tegevusalad varieerunud s\u00f5ltuvalt loodusoludest \u2013 metsade alal jahindus ja kalap\u00fc\u00fck, tundrates p\u00f5hjap\u00f5drakasvatus, l\u00f5una pool p\u00f5llumajandus. Ajalooliselt on komi mehedolnud ka aktiivsed kaupmehed &hellip; <a href=\"https:\/\/hoimuloimed.ee\/index.php\/hoimurahvad-ja-keeled\/komid\/\" class=\"more-link\">Continue reading <span class=\"screen-reader-text\">Komid<\/span><\/a><\/p>\n","protected":false},"author":1,"featured_media":0,"parent":221,"menu_order":0,"comment_status":"closed","ping_status":"closed","template":"","meta":{"footnotes":""},"class_list":["post-336","page","type-page","status-publish","hentry"],"_links":{"self":[{"href":"https:\/\/hoimuloimed.ee\/index.php\/wp-json\/wp\/v2\/pages\/336","targetHints":{"allow":["GET"]}}],"collection":[{"href":"https:\/\/hoimuloimed.ee\/index.php\/wp-json\/wp\/v2\/pages"}],"about":[{"href":"https:\/\/hoimuloimed.ee\/index.php\/wp-json\/wp\/v2\/types\/page"}],"author":[{"embeddable":true,"href":"https:\/\/hoimuloimed.ee\/index.php\/wp-json\/wp\/v2\/users\/1"}],"replies":[{"embeddable":true,"href":"https:\/\/hoimuloimed.ee\/index.php\/wp-json\/wp\/v2\/comments?post=336"}],"version-history":[{"count":11,"href":"https:\/\/hoimuloimed.ee\/index.php\/wp-json\/wp\/v2\/pages\/336\/revisions"}],"predecessor-version":[{"id":1327,"href":"https:\/\/hoimuloimed.ee\/index.php\/wp-json\/wp\/v2\/pages\/336\/revisions\/1327"}],"up":[{"embeddable":true,"href":"https:\/\/hoimuloimed.ee\/index.php\/wp-json\/wp\/v2\/pages\/221"}],"wp:attachment":[{"href":"https:\/\/hoimuloimed.ee\/index.php\/wp-json\/wp\/v2\/media?parent=336"}],"curies":[{"name":"wp","href":"https:\/\/api.w.org\/{rel}","templated":true}]}}