{"id":700,"date":"2021-07-27T14:18:33","date_gmt":"2021-07-27T11:18:33","guid":{"rendered":"http:\/\/www.hoimuloimed.ee\/?page_id=700"},"modified":"2023-10-03T15:46:38","modified_gmt":"2023-10-03T12:46:38","slug":"liivlased","status":"publish","type":"page","link":"https:\/\/hoimuloimed.ee\/index.php\/hoimurahvad-ja-keeled\/liivlased\/","title":{"rendered":"Liivlased"},"content":{"rendered":"\n<p>Liivlased on v\u00e4ikesearvuline l\u00e4\u00e4nemeresoome rahvas, kelle peamised traditsioonilised asualad paiknevad L\u00e4tis Kuramaa p\u00f5hjarannikul ning kuni 19. sajandi keskpaigani Riia ja P\u00e4rnu vahelisel rannikualal (eriti Salatsi \u00fcmbruses). Liivlaste vana nimetus enda kohta ongi olnud <em>r\u0101ndalizt<\/em> ehk rannarahvas. Ajalooliselt on liivlasi elanud ka Koiva ja V\u00e4ina j\u00f5e kallastel ning n\u00e4iteks Riia linn on rajatud kunagisele liivlaste alale. T\u00e4nap\u00e4eval elab enamik liivlasi suuremates linnades (Riias, Ventspilsis ja mujal).<\/p>\n\n\n\n<div class=\"wp-block-image is-style-default\"><figure class=\"aligncenter size-large\"><img loading=\"lazy\" decoding=\"async\" width=\"449\" height=\"360\" src=\"http:\/\/www.hoimuloimed.ee\/wp-content\/uploads\/2021\/07\/kaart.jpg\" alt=\"\" class=\"wp-image-701\" srcset=\"https:\/\/hoimuloimed.ee\/wp-content\/uploads\/2021\/07\/kaart.jpg 449w, https:\/\/hoimuloimed.ee\/wp-content\/uploads\/2021\/07\/kaart-300x241.jpg 300w, https:\/\/hoimuloimed.ee\/wp-content\/uploads\/2021\/07\/kaart-112x90.jpg 112w\" sizes=\"auto, (max-width: 449px) 100vw, 449px\" \/><figcaption><em>Liivi rand (suri.ee).<\/em><\/figcaption><\/figure><\/div>\n\n\n\n<p>Liivlased on aastasadu olnud l\u00e4\u00e4nemeresoome ja balti h\u00f5imude kokkupuutealal, mist\u00f5ttu v\u00f5ib liivi keeles ja kultuuris t\u00e4heldada tugevat balti, eriti l\u00e4ti m\u00f5ju. Liivi keel omakorda on oluliselt m\u00f5jutanud l\u00e4ti keele kujunemist. Liivlastel on t\u00e4htis roll kaasaegse l\u00e4ti rahvuse ja identiteedi kujunemisel ning t\u00e4nap\u00e4eval tunnistatakse neid ametlikult L\u00e4ti Vabariigi p\u00f5lisrahvana.<\/p>\n\n\n\n<p>Liivlaste modernne kultuurielu tekkis 19. sajandi l\u00f5pus, suurem t\u00f5us (mille kohta v\u00f5ib \u00f6elda koguni \u00f5itseng) leidis aga aset maailmas\u00f5dade vahelisel ajal, mil rajati mitmeid kultuuriseltse ja tr\u00fckiti liivikeelset kirjandust. Sellal v\u00f5eti kasutusele ka liivlaste rahvuslikud s\u00fcmbolid lipp ja h\u00fcmn. Liivlaste lipuv\u00e4rvid kujutavad Liivi rannikut, mida kalamees n\u00e4eb, kui ta vaatab merelt ranna poole: \u00fcleval roheline mets, all sinine meri ning nende vahel kitsas valge rannaliivariba. Liivi h\u00fcmnil on eestlaste ja soomlastega sama meloodia. Sedamoodi saavad kolm l\u00e4\u00e4nemeresoome rahvast laulda koos sama viisi, ehkki iga\u00fcks enda s\u00f5nadega.<\/p>\n\n\n\n<div class=\"wp-block-image is-style-default\"><figure class=\"aligncenter size-large is-resized\"><img loading=\"lazy\" decoding=\"async\" src=\"http:\/\/www.hoimuloimed.ee\/wp-content\/uploads\/2021\/07\/liivilipp.jpg\" alt=\"\" class=\"wp-image-702\" width=\"440\" height=\"221\" srcset=\"https:\/\/hoimuloimed.ee\/wp-content\/uploads\/2021\/07\/liivilipp.jpg 1000w, https:\/\/hoimuloimed.ee\/wp-content\/uploads\/2021\/07\/liivilipp-300x150.jpg 300w, https:\/\/hoimuloimed.ee\/wp-content\/uploads\/2021\/07\/liivilipp-768x384.jpg 768w, https:\/\/hoimuloimed.ee\/wp-content\/uploads\/2021\/07\/liivilipp-180x90.jpg 180w\" sizes=\"auto, (max-width: 440px) 100vw, 440px\" \/><figcaption><em>Liivi lipp (Vikipeedia).<\/em><\/figcaption><\/figure><\/div>\n\n\n\n<p>Kahe maailmas\u00f5ja vahel sai soome-ugri rahvaste koost\u00f6\u00f6 \u00fcheks s\u00fcmboliks liivlaste kultuurielu toetamine. Ir\u0113 (l\u00e4ti keeles Mazirbe) k\u00fclla ehitati soomlaste, eestlaste ja ungarlaste toel Liivi rahvamaja. Hoone peaarhitekt, soomlane Erkki Huttunen, kujundas maja ajastule omases funktsionalistlikus stiilis. Rahvamaja avati 6. augustil 1939, kuid peagi puhkenud Teise maailmas\u00f5ja t\u00f5ttu polnud liivlastel tegelikult v\u00f5imalik seda \u00fcldse kasutada.<\/p>\n\n\n\n<p><strong>Liivlased p\u00e4rast II maailmas\u00f5da ja t\u00e4nap\u00e4eval<\/strong><\/p>\n\n\n\n<p>Suuri muutusi t\u00f5i liivlaste ellu II maailmas\u00f5da. S\u00f5ja l\u00f5pul evakueeriti inimesed oma p\u00f5listest Kuramaa rannak\u00fcladest ning hiljem raskendati nende naasmist piiritsooniks muudetud kodukanti. Samuti polnud rannarahval enam lubatud minna merele kala p\u00fc\u00fcdma. Seet\u00f5ttu pidid paljud liivlased kolima mujale ning igap\u00e4evane liivikeelne suhtlusruum kadus. N\u00f5ukogude v\u00f5imud piirasid ka rahvuslike seltside tegutsemist. Raskustest hoolimata ei kadunud liivi keel ja kultuur sellal t\u00e4ielikult, vaid j\u00f5udis \u00e4ra oodata perestroikaaja vabamad tuuled. Uut hoogu liivlaste kultuurilisele elule andis Liivlaste Liidu korraldatud Liivi rahvamaja 50. juubeliaasta t\u00e4histamine Ir\u0113l 5. augustil 1989. Sellest sai alguse iga-aastane liivlaste rahvusp\u00fcha, mida siiamaani t\u00e4histatakse augusti esimesel laup\u00e4eval.<\/p>\n\n\n\n<p>T\u00e4naseks on liivlaste arv tunduvalt v\u00e4iksem s\u00f5dadevahelisest 2000 rahvaloenduses kirjapandud inimesest. Viimased aastak\u00fcmned on avalikkuse meeli k\u00f6itnud niinimetatud viimase emakeelse liivlase teema. \u00dcldiselt peetakse viimaseks liivi keelt emakeelena k\u00f5nelenud inimeseks Grizelda Kristi\u0146it, kes suri 2013. aastal Kanadas. Samas leidub t\u00e4nap\u00e4evalgi inimesi, kes on liivi keele omandanud pereringis vanematelt v\u00f5i vanavanematelt, samuti t\u00e4iskasvanuna keelt \u00f5ppinuid. Liivi keele k\u00f5nelejaid on praegusel ajal umbes 20-30, ennast liivlaseks pidavaid inimesi L\u00e4ti ametlikel andmetel kokku umbes 250.<\/p>\n\n\n\n<p>Liivi keelt \u00f5petatakse L\u00e4tis pidevalt nii t\u00e4isealistele kui lastele. Igal aastal toimuvad liivi suvekoolid, iga kolme-nelja aasta j\u00e4rel suve\u00fclikoolid. Samuti on liivi keelt v\u00f5imalik \u00f5ppida Riias L\u00e4ti \u00dclikoolis ning alates 2018. aastast tegutseb L\u00e4ti \u00dclikooli <a rel=\"noreferrer noopener\" href=\"http:\/\/www.livones.net\/lili\/liv\" target=\"_blank\">Liivi instituut<\/a>. Liivi keelt uuritakse ja \u00f5petatakse ka Tartu \u00dclikoolis.<\/p>\n\n\n\n<div class=\"wp-block-image is-style-default\"><figure class=\"aligncenter size-large is-resized\"><img loading=\"lazy\" decoding=\"async\" src=\"http:\/\/www.hoimuloimed.ee\/wp-content\/uploads\/2021\/07\/liiviinstituut.jpg\" alt=\"\" class=\"wp-image-705\" width=\"572\" height=\"285\" srcset=\"https:\/\/hoimuloimed.ee\/wp-content\/uploads\/2021\/07\/liiviinstituut.jpg 791w, https:\/\/hoimuloimed.ee\/wp-content\/uploads\/2021\/07\/liiviinstituut-300x150.jpg 300w, https:\/\/hoimuloimed.ee\/wp-content\/uploads\/2021\/07\/liiviinstituut-768x384.jpg 768w, https:\/\/hoimuloimed.ee\/wp-content\/uploads\/2021\/07\/liiviinstituut-180x90.jpg 180w\" sizes=\"auto, (max-width: 572px) 100vw, 572px\" \/><figcaption>\u201d<em>L\u00e4ti \u00dclikooli Liivi instituut\u201d.<\/em><\/figcaption><\/figure><\/div>\n\n\n\n<p>Kuigi liivlased on v\u00e4ike rahvas, on nad kultuuriliselt v\u00e4ga aktiivsed. Naljaga pooleks v\u00f5iks \u00f6elda, et pooled liivi keele r\u00e4\u00e4kijatest on keeleteadlased ja teine pool keeleaktivistid. Kuid mitte ainult nemad &#8211; liivlastel on mitu omas keeles laulvat laulukoori (n\u00e4iteks segakoor L\u014dja) ja ansamblit. Liivi ansamblite eluiga pole alati kuigi pikk, kuid tihti algab \u00fche projekti l\u00f5ppedes kohe j\u00e4rgmine.<\/p>\n\n\n\n<p>Ka liivikeelne kirjandus on elav. On m\u00e4rkimisv\u00e4\u00e4rne, et v\u00f5rdlemisi v\u00e4ikese rahvaarvu kohta on t\u00e4nap\u00e4eval aktiivsed koguni kolm luuletajat &#8211; \u0136empi K\u014drli, Baiba Damberga ja Valts Ern\u0161treits. N\u00e4iteks ilmus 2021. aastal juba teine liivi luulekogu \u201dTrillium 2.0\u201d (koos l\u00e4ti ja eesti t\u00f5lgetega), mille esimene osa anti v\u00e4lja aastal 2018 (sellest saab lugeda <a rel=\"noreferrer noopener\" href=\"https:\/\/fennougria.ee\/liivi-inglise-luulekogu-trilium-trillium-palvis-lati-kirjanduse-aastapreemia\/\" target=\"_blank\">Fenno-Ugria lehek\u00fcljelt<\/a>). V\u00e4ikese rahva seisukohast on t\u00e4htis, kui kirjandust ilmub mitte t\u00f5lgituna, vaid algup\u00e4raselt omas keeles ning mida seej\u00e4rel ise t\u00f5lgitakse teistesse keeltesse!<\/p>\n\n\n\n<p>Rohkem infot liivlaste kohta leiab <a rel=\"noreferrer noopener\" href=\"https:\/\/fennougria.ee\/rahvad\/laanemeresoome-rahvad\/liivlased\" target=\"_blank\">Fenno-Ugria kodulehelt<\/a> ja <a rel=\"noreferrer noopener\" href=\"https:\/\/et.wikipedia.org\/wiki\/Liivlased\" target=\"_blank\">Vikipeediast<\/a>.&nbsp;<\/p>\n\n\n\n<p>H\u00f5imul\u00f5imede liige Patrick O\u2019Rourke on ERMi h\u00f5imuklubis pidanud ettekande Liivimaa liivlastest: <\/p>\n\n\n\n<figure class=\"wp-block-embed-youtube wp-block-embed is-type-video is-provider-youtube wp-embed-aspect-16-9 wp-has-aspect-ratio\"><div class=\"wp-block-embed__wrapper\">\n<iframe loading=\"lazy\" title=\"ERMi h\u00f5imuklubi\" width=\"720\" height=\"405\" src=\"https:\/\/www.youtube.com\/embed\/cLcwbjzUNik?feature=oembed\" frameborder=\"0\" allow=\"accelerometer; autoplay; clipboard-write; encrypted-media; gyroscope; picture-in-picture; web-share\" allowfullscreen><\/iframe>\n<\/div><\/figure>\n\n\n\n<p>H\u00f5imul\u00f5imede liikme Anti Lillaku reisist Kuramaa liivi k\u00fcladesse koos ansambliga Sirgutii 2015. aastal saab lugeda <a rel=\"noreferrer noopener\" href=\"http:\/\/uputaja.blogspot.com\/2015\/09\/kura-liivi-rand.html\" target=\"_blank\">siin<\/a>.<\/p>\n\n\n\n<p><a rel=\"noreferrer noopener\" href=\"https:\/\/sirp.ee\/s1-artiklid\/varamu\/resistentsetel-liivlastel-on-lootust\/\" target=\"_blank\">Sirbis<\/a> leidub liivi teadlase ja kultuuritegelase Valt Ern\u0161treiti intervjuu.<\/p>\n\n\n\n<div class=\"wp-block-otfm-box-spoiler-start otfm-sp__wrapper otfm-sp__box js-otfm-sp-box__closed otfm-sp__f5f5f5\" role=\"button\" tabindex=\"0\" aria-expanded=\"false\" data-otfm-spc=\"#f5f5f5\" style=\"text-align:left\"><div class=\"otfm-sp__title\"><strong><span class=\"has-inline-color has-vivid-red-color\">Keele\u00f5ppe ressursid veebis<\/span><\/strong><\/div><\/div>\n\n\n\n<p><a href=\"https:\/\/www.youtube.com\/playlist?list=PLEV1Q7DN23kXorpI8CwTZPSM-MZfedRaz\" target=\"_blank\" rel=\"noreferrer noopener\">Seven Livonian language lessons | Seis l\u012bv\u00f5 k\u012bel stu\u0146\u1e11\u00f5<\/a><br>L\u00e4ti \u00dclikooli Liivi instituudi loodud seitse liivi keele tundi<\/p>\n\n\n\n<p><a rel=\"noreferrer noopener\" href=\"http:\/\/www.livones.net\/lili\/liv\/vardnica\/\" target=\"_blank\">LIV-EE-LV S\u00f5n\u0101r\u014dnt\u00f5z<\/a><br>Liivi-eesti-l\u00e4ti veebis\u00f5naraamat<\/p>\n\n\n\n<p><a rel=\"noreferrer noopener\" href=\"https:\/\/www.facebook.com\/livuval\" target=\"_blank\">Facebooki leht \u201cL\u012bv\u00f5 k\u0113\u013c\u201d<\/a><br>Liivi keelt \u00f5petav Facebooki leht \u201cL\u012bv\u00f5 k\u0113\u013c\u201d <\/p>\n\n\n\n<div class=\"wp-block-otfm-box-spoiler-end otfm-sp_end\"><\/div>\n\n\n\n<div class=\"wp-block-otfm-box-spoiler-start otfm-sp__wrapper otfm-sp__box js-otfm-sp-box__closed otfm-sp__f5f5f5\" role=\"button\" tabindex=\"0\" aria-expanded=\"false\" data-otfm-spc=\"#f5f5f5\" style=\"text-align:left\"><div class=\"otfm-sp__title\"><strong><span class=\"has-inline-color has-vivid-red-color\">Muusika<\/span><\/strong><\/div><\/div>\n\n\n\n<div class=\"wp-block-media-text alignwide is-stacked-on-mobile\" style=\"grid-template-columns:24% auto\"><figure class=\"wp-block-media-text__media\"><img loading=\"lazy\" decoding=\"async\" width=\"1024\" height=\"576\" src=\"http:\/\/www.hoimuloimed.ee\/wp-content\/uploads\/2021\/07\/KalaJeng-1024x576.jpeg\" alt=\"\" class=\"wp-image-712\" srcset=\"https:\/\/hoimuloimed.ee\/wp-content\/uploads\/2021\/07\/KalaJeng-1024x576.jpeg 1024w, https:\/\/hoimuloimed.ee\/wp-content\/uploads\/2021\/07\/KalaJeng-300x169.jpeg 300w, https:\/\/hoimuloimed.ee\/wp-content\/uploads\/2021\/07\/KalaJeng-768x432.jpeg 768w, https:\/\/hoimuloimed.ee\/wp-content\/uploads\/2021\/07\/KalaJeng-1536x864.jpeg 1536w, https:\/\/hoimuloimed.ee\/wp-content\/uploads\/2021\/07\/KalaJeng-160x90.jpeg 160w, https:\/\/hoimuloimed.ee\/wp-content\/uploads\/2021\/07\/KalaJeng.jpeg 1920w\" sizes=\"auto, (max-width: 1024px) 100vw, 1024px\" \/><\/figure><div class=\"wp-block-media-text__content\">\n<p><strong>Kal\u0101 jeng<\/strong><br><em><em>Folk<\/em><\/em><\/p>\n\n\n\n<p class=\"has-small-font-size\"><a rel=\"noreferrer noopener\" href=\"https:\/\/open.spotify.com\/artist\/06l6ICS140P0QPgE3jNm67\" target=\"_blank\">Spotify<\/a><\/p>\n<\/div><\/div>\n\n\n\n<p><\/p>\n\n\n\n<div class=\"wp-block-media-text alignwide is-stacked-on-mobile\" style=\"grid-template-columns:24% auto\"><figure class=\"wp-block-media-text__media\"><img loading=\"lazy\" decoding=\"async\" width=\"902\" height=\"566\" src=\"http:\/\/www.hoimuloimed.ee\/wp-content\/uploads\/2021\/07\/loja.png\" alt=\"\" class=\"wp-image-713\" srcset=\"https:\/\/hoimuloimed.ee\/wp-content\/uploads\/2021\/07\/loja.png 902w, https:\/\/hoimuloimed.ee\/wp-content\/uploads\/2021\/07\/loja-300x188.png 300w, https:\/\/hoimuloimed.ee\/wp-content\/uploads\/2021\/07\/loja-768x482.png 768w, https:\/\/hoimuloimed.ee\/wp-content\/uploads\/2021\/07\/loja-143x90.png 143w\" sizes=\"auto, (max-width: 902px) 100vw, 902px\" \/><\/figure><div class=\"wp-block-media-text__content\">\n<p><strong>L\u014dja<\/strong><br><em><em>Koorimuusika<\/em><\/em><\/p>\n\n\n\n<p class=\"has-small-font-size\"><a href=\"https:\/\/livodkuor.lv\/loja\/\" target=\"_blank\" rel=\"noreferrer noopener\">koduleht<\/a><\/p>\n<\/div><\/div>\n\n\n\n<p><\/p>\n\n\n\n<div class=\"wp-block-media-text alignwide is-stacked-on-mobile\" style=\"grid-template-columns:24% auto\"><figure class=\"wp-block-media-text__media\"><img loading=\"lazy\" decoding=\"async\" width=\"1024\" height=\"1024\" src=\"http:\/\/www.hoimuloimed.ee\/wp-content\/uploads\/2023\/10\/neium-1024x1024.png\" alt=\"\" class=\"wp-image-971\" srcset=\"https:\/\/hoimuloimed.ee\/wp-content\/uploads\/2023\/10\/neium-1024x1024.png 1024w, https:\/\/hoimuloimed.ee\/wp-content\/uploads\/2023\/10\/neium-300x300.png 300w, https:\/\/hoimuloimed.ee\/wp-content\/uploads\/2023\/10\/neium-150x150.png 150w, https:\/\/hoimuloimed.ee\/wp-content\/uploads\/2023\/10\/neium-768x768.png 768w, https:\/\/hoimuloimed.ee\/wp-content\/uploads\/2023\/10\/neium-1536x1536.png 1536w, https:\/\/hoimuloimed.ee\/wp-content\/uploads\/2023\/10\/neium.png 2048w, https:\/\/hoimuloimed.ee\/wp-content\/uploads\/2023\/10\/neium-90x90.png 90w\" sizes=\"auto, (max-width: 1024px) 100vw, 1024px\" \/><\/figure><div class=\"wp-block-media-text__content\">\n<p><strong>NeiUm<\/strong><br><em><em>Folgist inspireeritud elektrooniline muusika<\/em><\/em><\/p>\n\n\n\n<p class=\"has-small-font-size\"><a href=\"https:\/\/www.facebook.com\/bandneium\/\">Facebook<\/a> \/ <a href=\"https:\/\/www.instagram.com\/nei.um\">Instagram<\/a><\/p>\n<\/div><\/div>\n\n\n\n<p><\/p>\n\n\n\n<div class=\"wp-block-media-text alignwide is-stacked-on-mobile\" style=\"grid-template-columns:24% auto\"><figure class=\"wp-block-media-text__media\"><img loading=\"lazy\" decoding=\"async\" width=\"1024\" height=\"683\" src=\"http:\/\/www.hoimuloimed.ee\/wp-content\/uploads\/2021\/07\/nurmokestor-1024x683.jpeg\" alt=\"\" class=\"wp-image-714\" srcset=\"https:\/\/hoimuloimed.ee\/wp-content\/uploads\/2021\/07\/nurmokestor-1024x683.jpeg 1024w, https:\/\/hoimuloimed.ee\/wp-content\/uploads\/2021\/07\/nurmokestor-300x200.jpeg 300w, https:\/\/hoimuloimed.ee\/wp-content\/uploads\/2021\/07\/nurmokestor-768x512.jpeg 768w, https:\/\/hoimuloimed.ee\/wp-content\/uploads\/2021\/07\/nurmokestor-1536x1025.jpeg 1536w, https:\/\/hoimuloimed.ee\/wp-content\/uploads\/2021\/07\/nurmokestor-135x90.jpeg 135w, https:\/\/hoimuloimed.ee\/wp-content\/uploads\/2021\/07\/nurmokestor.jpeg 2048w\" sizes=\"auto, (max-width: 1024px) 100vw, 1024px\" \/><\/figure><div class=\"wp-block-media-text__content\">\n<p><strong>Nurmorkest\u00f5r<\/strong><br><em><em>Folk<\/em><\/em><\/p>\n\n\n\n<p class=\"has-small-font-size\"><a rel=\"noreferrer noopener\" href=\"https:\/\/www.facebook.com\/nurmorkestor\" target=\"_blank\">Faceboo<\/a><a href=\"https:\/\/www.facebook.com\/nurmorkestor\" target=\"_blank\" rel=\"noreferrer noopener\">k<\/a><\/p>\n<\/div><\/div>\n\n\n\n<p><\/p>\n\n\n\n<div class=\"wp-block-media-text alignwide is-stacked-on-mobile\" style=\"grid-template-columns:24% auto\"><figure class=\"wp-block-media-text__media\"><img loading=\"lazy\" decoding=\"async\" width=\"600\" height=\"600\" src=\"http:\/\/www.hoimuloimed.ee\/wp-content\/uploads\/2021\/07\/TULLI_LUM_1.jpeg\" alt=\"\" class=\"wp-image-715\" srcset=\"https:\/\/hoimuloimed.ee\/wp-content\/uploads\/2021\/07\/TULLI_LUM_1.jpeg 600w, https:\/\/hoimuloimed.ee\/wp-content\/uploads\/2021\/07\/TULLI_LUM_1-300x300.jpeg 300w, https:\/\/hoimuloimed.ee\/wp-content\/uploads\/2021\/07\/TULLI_LUM_1-150x150.jpeg 150w, https:\/\/hoimuloimed.ee\/wp-content\/uploads\/2021\/07\/TULLI_LUM_1-90x90.jpeg 90w\" sizes=\"auto, (max-width: 600px) 100vw, 600px\" \/><\/figure><div class=\"wp-block-media-text__content\">\n<p><strong>Tu\u013c\u013ci Lum<\/strong><br><em><em>Folk, jazz<\/em><\/em><\/p>\n\n\n\n<p class=\"has-small-font-size\"><a href=\"https:\/\/www.youtube.com\/watch?v=Ry5aZnlYTOY\" target=\"_blank\" rel=\"noreferrer noopener\">Youtube 1<\/a> \/ <a rel=\"noreferrer noopener\" href=\"https:\/\/www.youtube.com\/watch?v=DegefJUWh4E\" target=\"_blank\">Youtube 2<\/a> \/ <a rel=\"noreferrer noopener\" href=\"https:\/\/et.wikipedia.org\/wiki\/Tu%C4%BC%C4%BCi_Lum\" target=\"_blank\">Vikipeedia<\/a><\/p>\n<\/div><\/div>\n\n\n\n<p><\/p>\n\n\n\n<p>Liivikeelsed lastelaulud L\u00e4ti \u00dclikooli Liivi instituudi <a href=\"https:\/\/www.youtube.com\/watch?v=bqwm9QpmQyA&amp;list=PLEV1Q7DN23kX7xDkT0EkQkDyAq_VHghqt\" target=\"_blank\" rel=\"noreferrer noopener\">Youtube\u2019i kanalil<\/a>:<\/p>\n\n\n\n<figure class=\"wp-block-embed-youtube wp-block-embed is-type-video is-provider-youtube wp-embed-aspect-16-9 wp-has-aspect-ratio\"><div class=\"wp-block-embed__wrapper\">\n<iframe loading=\"lazy\" title=\"Dziedi l\u012bdzi un m\u0101cies l\u012bbie\u0161u valodu!\" width=\"720\" height=\"405\" src=\"https:\/\/www.youtube.com\/embed\/videoseries?list=PLEV1Q7DN23kX7xDkT0EkQkDyAq_VHghqt\" frameborder=\"0\" allow=\"accelerometer; autoplay; clipboard-write; encrypted-media; gyroscope; picture-in-picture; web-share\" allowfullscreen><\/iframe>\n<\/div><\/figure>\n\n\n\n<div class=\"wp-block-otfm-box-spoiler-end otfm-sp_end\"><\/div>\n\n\n\n<div class=\"wp-block-otfm-box-spoiler-start otfm-sp__wrapper otfm-sp__box js-otfm-sp-box__closed otfm-sp__f5f5f5\" role=\"button\" tabindex=\"0\" aria-expanded=\"false\" data-otfm-spc=\"#f5f5f5\" style=\"text-align:left\"><div class=\"otfm-sp__title\"><strong><span class=\"has-inline-color has-vivid-red-color\">Filmid<\/span><\/strong><\/div><\/div>\n\n\n\n<div class=\"wp-block-media-text alignwide is-stacked-on-mobile\" style=\"grid-template-columns:26% auto\"><figure class=\"wp-block-media-text__media\"><img loading=\"lazy\" decoding=\"async\" width=\"716\" height=\"565\" src=\"http:\/\/www.hoimuloimed.ee\/wp-content\/uploads\/2023\/10\/viitso.jpeg\" alt=\"\" class=\"wp-image-973\" srcset=\"https:\/\/hoimuloimed.ee\/wp-content\/uploads\/2023\/10\/viitso.jpeg 716w, https:\/\/hoimuloimed.ee\/wp-content\/uploads\/2023\/10\/viitso-300x237.jpeg 300w, https:\/\/hoimuloimed.ee\/wp-content\/uploads\/2023\/10\/viitso-114x90.jpeg 114w\" sizes=\"auto, (max-width: 716px) 100vw, 716px\" \/><\/figure><div class=\"wp-block-media-text__content\">\n<p><strong>Professor Viitso liivlased<\/strong><br>Eesti, 2011<\/p>\n\n\n\n<p class=\"has-small-font-size\"><a href=\"https:\/\/www.efis.ee\/et\/filmiliigid\/film\/id\/16639\/\">Eesti Filmi Andmebaas<\/a><\/p>\n<\/div><\/div>\n\n\n\n<p><\/p>\n\n\n\n<div class=\"wp-block-media-text alignwide is-stacked-on-mobile\" style=\"grid-template-columns:26% auto\"><figure class=\"wp-block-media-text__media\"><img loading=\"lazy\" decoding=\"async\" width=\"382\" height=\"223\" src=\"http:\/\/www.hoimuloimed.ee\/wp-content\/uploads\/2023\/10\/ajakv.png\" alt=\"\" class=\"wp-image-974\" srcset=\"https:\/\/hoimuloimed.ee\/wp-content\/uploads\/2023\/10\/ajakv.png 382w, https:\/\/hoimuloimed.ee\/wp-content\/uploads\/2023\/10\/ajakv-300x175.png 300w, https:\/\/hoimuloimed.ee\/wp-content\/uploads\/2023\/10\/ajakv-154x90.png 154w\" sizes=\"auto, (max-width: 382px) 100vw, 382px\" \/><\/figure><div class=\"wp-block-media-text__content\">\n<p><strong>Ajakvartett: Peale Betelgeuset<\/strong><br>Eesti, 2022<\/p>\n\n\n\n<p class=\"has-small-font-size\"><a href=\"https:\/\/www.efis.ee\/et\/filmiliigid\/film\/id\/20833\">Eesti Filmi Andmebaas<\/a><\/p>\n<\/div><\/div>\n\n\n\n<div class=\"wp-block-otfm-box-spoiler-end otfm-sp_end\"><\/div>\n","protected":false},"excerpt":{"rendered":"<p>Liivlased on v\u00e4ikesearvuline l\u00e4\u00e4nemeresoome rahvas, kelle peamised traditsioonilised asualad paiknevad L\u00e4tis Kuramaa p\u00f5hjarannikul ning kuni 19. sajandi keskpaigani Riia ja P\u00e4rnu vahelisel rannikualal (eriti Salatsi \u00fcmbruses). Liivlaste vana nimetus enda kohta ongi olnud r\u0101ndalizt ehk rannarahvas. Ajalooliselt on liivlasi elanud ka Koiva ja V\u00e4ina j\u00f5e kallastel ning n\u00e4iteks Riia linn on rajatud kunagisele liivlaste alale. T\u00e4nap\u00e4eval elab enamik liivlasi suuremates linnades (Riias, Ventspilsis ja mujal). &hellip; <a href=\"https:\/\/hoimuloimed.ee\/index.php\/hoimurahvad-ja-keeled\/liivlased\/\" class=\"more-link\">Continue reading <span class=\"screen-reader-text\">Liivlased<\/span><\/a><\/p>\n","protected":false},"author":1,"featured_media":0,"parent":221,"menu_order":0,"comment_status":"closed","ping_status":"closed","template":"","meta":{"footnotes":""},"class_list":["post-700","page","type-page","status-publish","hentry"],"_links":{"self":[{"href":"https:\/\/hoimuloimed.ee\/index.php\/wp-json\/wp\/v2\/pages\/700","targetHints":{"allow":["GET"]}}],"collection":[{"href":"https:\/\/hoimuloimed.ee\/index.php\/wp-json\/wp\/v2\/pages"}],"about":[{"href":"https:\/\/hoimuloimed.ee\/index.php\/wp-json\/wp\/v2\/types\/page"}],"author":[{"embeddable":true,"href":"https:\/\/hoimuloimed.ee\/index.php\/wp-json\/wp\/v2\/users\/1"}],"replies":[{"embeddable":true,"href":"https:\/\/hoimuloimed.ee\/index.php\/wp-json\/wp\/v2\/comments?post=700"}],"version-history":[{"count":12,"href":"https:\/\/hoimuloimed.ee\/index.php\/wp-json\/wp\/v2\/pages\/700\/revisions"}],"predecessor-version":[{"id":975,"href":"https:\/\/hoimuloimed.ee\/index.php\/wp-json\/wp\/v2\/pages\/700\/revisions\/975"}],"up":[{"embeddable":true,"href":"https:\/\/hoimuloimed.ee\/index.php\/wp-json\/wp\/v2\/pages\/221"}],"wp:attachment":[{"href":"https:\/\/hoimuloimed.ee\/index.php\/wp-json\/wp\/v2\/media?parent=700"}],"curies":[{"name":"wp","href":"https:\/\/api.w.org\/{rel}","templated":true}]}}