{"id":852,"date":"2023-05-24T13:20:31","date_gmt":"2023-05-24T10:20:31","guid":{"rendered":"http:\/\/www.hoimuloimed.ee\/?page_id=852"},"modified":"2023-05-24T13:20:32","modified_gmt":"2023-05-24T10:20:32","slug":"solkupid","status":"publish","type":"page","link":"https:\/\/hoimuloimed.ee\/index.php\/hoimurahvad-ja-keeled\/solkupid\/","title":{"rendered":"S\u00f6lkupid"},"content":{"rendered":"\n<p>S\u00f6lkupid on samojeedi rahvas, kelle p\u00f5lised asualad paiknevad Eestist linnulennult 3000 km idas L\u00e4\u00e4ne-Siberis. P\u00f5hjapoolsem r\u00fchm s\u00f6lkuppe elab Tazi ja Jenissei j\u00f5gikondades (Jamali-Neenetsi autonoomses ringkonnas ning Krasnojarski krais), l\u00f5unapoolsem r\u00fchm Obi j\u00f5e \u00fclemjooksul (Tomski oblastis). Varem nimetati s\u00f6lkuppe ostjakisamojeedideks. Nende traditsioonilised elatusalad olid kalap\u00fc\u00fck ja karusloomade k\u00fcttimine, p\u00f5hjas ka m\u00f5nev\u00f5rra p\u00f5hjap\u00f5drakasvatus, kuid 20. sajandi jooksul on nende tegevuste osakaal s\u00f6lkupite seas oluliselt v\u00e4henenud.<\/p>\n\n\n\n<figure class=\"wp-block-image size-large is-style-default\"><img loading=\"lazy\" decoding=\"async\" width=\"850\" height=\"1024\" src=\"http:\/\/www.hoimuloimed.ee\/wp-content\/uploads\/2023\/05\/Solkupid-Kaart-1-850x1024.png\" alt=\"\" class=\"wp-image-853\" srcset=\"https:\/\/hoimuloimed.ee\/wp-content\/uploads\/2023\/05\/Solkupid-Kaart-1-850x1024.png 850w, https:\/\/hoimuloimed.ee\/wp-content\/uploads\/2023\/05\/Solkupid-Kaart-1-249x300.png 249w, https:\/\/hoimuloimed.ee\/wp-content\/uploads\/2023\/05\/Solkupid-Kaart-1-768x925.png 768w, https:\/\/hoimuloimed.ee\/wp-content\/uploads\/2023\/05\/Solkupid-Kaart-1-1275x1536.png 1275w, https:\/\/hoimuloimed.ee\/wp-content\/uploads\/2023\/05\/Solkupid-Kaart-1-1700x2048.png 1700w, https:\/\/hoimuloimed.ee\/wp-content\/uploads\/2023\/05\/Solkupid-Kaart-1-75x90.png 75w\" sizes=\"auto, (max-width: 850px) 100vw, 850px\" \/><figcaption>S\u00f6lkupi traditsioonilised asualad.<br>P\u00f5hjas\u00f6lkupid. 1a \u2013 Kesk-Tazi. 1b \u2013 Karasino. 1c \u2013 Baiha. 1d \u2013 \u00dclem-Tolka. 1e \u2013 \u00dclem-Tazi. 1f \u2013 Jelogui.<br>Tomski piirkonna s\u00f6lkupid. 2a \u2013 kesks\u00f6lkupid. 2b \u2013 T\u0161aja l\u00f5unas\u00f6lkupid. 2c \u2013l\u00f5unas\u00f6lkupid Obi keskjooksul. 2d \u2013 Keti.<br>(Kaart: <a href=\"https:\/\/bedlan.net\/data\/\">https:\/\/bedlan.net\/data\/<\/a>)<\/figcaption><\/figure>\n\n\n\n<figure class=\"wp-block-image size-large is-style-default\"><img loading=\"lazy\" decoding=\"async\" width=\"851\" height=\"1024\" src=\"http:\/\/www.hoimuloimed.ee\/wp-content\/uploads\/2023\/05\/Solkupid-Kaart-2-851x1024.png\" alt=\"\" class=\"wp-image-854\" srcset=\"https:\/\/hoimuloimed.ee\/wp-content\/uploads\/2023\/05\/Solkupid-Kaart-2-851x1024.png 851w, https:\/\/hoimuloimed.ee\/wp-content\/uploads\/2023\/05\/Solkupid-Kaart-2-249x300.png 249w, https:\/\/hoimuloimed.ee\/wp-content\/uploads\/2023\/05\/Solkupid-Kaart-2-768x924.png 768w, https:\/\/hoimuloimed.ee\/wp-content\/uploads\/2023\/05\/Solkupid-Kaart-2-1277x1536.png 1277w, https:\/\/hoimuloimed.ee\/wp-content\/uploads\/2023\/05\/Solkupid-Kaart-2-1703x2048.png 1703w, https:\/\/hoimuloimed.ee\/wp-content\/uploads\/2023\/05\/Solkupid-Kaart-2-75x90.png 75w\" sizes=\"auto, (max-width: 851px) 100vw, 851px\" \/><figcaption>S\u00f6lkupi asualad t\u00e4nap\u00e4eval.<br>P\u00f5hjas\u00f6lkupid. 1a \u2013 Kesk-Tazi. 1c \u2013 Baiha. 1d \u2013 \u00dclem-Tolka. 1e \u2013 \u00dclem-Tazi. 1f \u2013 Jelogui.<br>Tomski piirkonna s\u00f6lkupid. 2a \u2013 kesks\u00f6lkupid. 2d \u2013 Keti.<br>(Kaart: <a href=\"https:\/\/bedlan.net\/data\/\">https:\/\/bedlan.net\/data\/<\/a>)<\/figcaption><\/figure>\n\n\n\n<p>S\u00f6lkupi keel kuulub l\u00f5unasamojeedi harusse, selle l\u00e4him suguluskeel on praeguseks v\u00e4ljasurnud kamassi keel. 2021. aasta Venemaa F\u00f6deratsiooni rahvaloendusel m\u00e4rgiti s\u00f6lkupiks umbes 3500 inimest. 2010. aasta rahvaloendusel oli neid 3649, kellest oma emakeelt valdas 1023. S\u00f6lkupi keeles on kuni neli murret \u2013 p\u00f5hja- ehk Tazi murre, kesk- ehk T\u00f5mi murre, ida- ehk Keti murre ning l\u00f5unamurre. S\u00f6lkupi kirjakeel p\u00f5hineb Tazi murdel, mis on praegu veel k\u00f5ige paremini s\u00e4ilinud. Tervikuna on keel aga v\u00e4ga suures kadumisohus.<\/p>\n\n\n\n<p>Tomski regiooni s\u00f6lkupi asualadest vaid paarsada kilomeetrit l\u00f5unas tekkisid tsaariaja l\u00f5pus ka eestlaste asundused, nagu Kasek\u00fcla, Liliengof jt.<\/p>\n\n\n\n<p>Eesti keeles pakuvad s\u00f6lkuppidest infot Fenno-Ugria Asutuse <a rel=\"noreferrer noopener\" href=\"https:\/\/fennougria.ee\/rahvad\/samojeedi-rahvad\/solkupid\" target=\"_blank\">koduleht<\/a>, <a rel=\"noreferrer noopener\" href=\"https:\/\/et.wikipedia.org\/wiki\/S%C3%B6lkupid\" target=\"_blank\">Vikipeedia<\/a> ja Eesti Rahva Muuseumi <a rel=\"noreferrer noopener\" href=\"https:\/\/www.erm.ee\/solkupid\" target=\"_blank\">koduleht<\/a>.<\/p>\n\n\n\n<p>H\u00f5imul\u00f5imedel pole samojeedi rahvastega seni veel otseseid kokkupuuteid olnud.<\/p>\n\n\n\n<div class=\"wp-block-otfm-box-spoiler-start otfm-sp__wrapper otfm-sp__box js-otfm-sp-box__closed otfm-sp__f5f5f5\" role=\"button\" tabindex=\"0\" aria-expanded=\"false\" data-otfm-spc=\"#f5f5f5\" style=\"text-align:left\"><div class=\"otfm-sp__title\"><strong><span class=\"has-inline-color has-vivid-red-color\">Keele\u00f5ppe ressursid veebis<\/span><\/strong><\/div><\/div>\n\n\n\n<p><a rel=\"noreferrer noopener\" href=\"https:\/\/youtube.com\/playlist?list=PLXGhuwBQ50bO_KN8QDrz2Cav-KkrBZDdo\" target=\"_blank\">S\u00f6lkupi keele alg\u00f5pe Youtube\u2019is<\/a><br>(venekeelsete subtiitritega)<\/p>\n\n\n\n<div class=\"wp-block-otfm-box-spoiler-end otfm-sp_end\"><\/div>\n\n\n\n<div class=\"wp-block-otfm-box-spoiler-start otfm-sp__wrapper otfm-sp__box js-otfm-sp-box__closed otfm-sp__f5f5f5\" role=\"button\" tabindex=\"0\" aria-expanded=\"false\" data-otfm-spc=\"#f5f5f5\" style=\"text-align:left\"><div class=\"otfm-sp__title\"><strong><span class=\"has-inline-color has-vivid-red-color\">Muusika<\/span><\/strong><\/div><\/div>\n\n\n\n<div class=\"wp-block-media-text alignwide is-stacked-on-mobile\" style=\"grid-template-columns:24% auto\"><figure class=\"wp-block-media-text__media\"><img loading=\"lazy\" decoding=\"async\" width=\"738\" height=\"660\" src=\"http:\/\/www.hoimuloimed.ee\/wp-content\/uploads\/2023\/05\/band.jpeg\" alt=\"\" class=\"wp-image-855\" srcset=\"https:\/\/hoimuloimed.ee\/wp-content\/uploads\/2023\/05\/band.jpeg 738w, https:\/\/hoimuloimed.ee\/wp-content\/uploads\/2023\/05\/band-300x268.jpeg 300w, https:\/\/hoimuloimed.ee\/wp-content\/uploads\/2023\/05\/band-101x90.jpeg 101w\" sizes=\"auto, (max-width: 738px) 100vw, 738px\" \/><\/figure><div class=\"wp-block-media-text__content\">\n<p><strong><strong>\u041c\u0430\u0447\u0438\u0442 \u043a\u043e\u0439\u043c\u044b<\/strong><\/strong><br><em>Etnomuusika<\/em><\/p>\n\n\n\n<p class=\"has-small-font-size\"><a rel=\"noreferrer noopener\" href=\"https:\/\/vk.com\/machit_koymi\" target=\"_blank\">VKontakte<\/a> \/ Mitmed ansambli kontsertvideod on leitavad <a href=\"https:\/\/www.youtube.com\/@user-yd4ir6eg1h\/videos\" target=\"_blank\" rel=\"noreferrer noopener\">Aleksandr Irikovi Youtube\u2019i lehelt<\/a><\/p>\n<\/div><\/div>\n\n\n\n<div class=\"wp-block-otfm-box-spoiler-end otfm-sp_end\"><\/div>\n","protected":false},"excerpt":{"rendered":"<p>S\u00f6lkupid on samojeedi rahvas, kelle p\u00f5lised asualad paiknevad Eestist linnulennult 3000 km idas L\u00e4\u00e4ne-Siberis. P\u00f5hjapoolsem r\u00fchm s\u00f6lkuppe elab Tazi ja Jenissei j\u00f5gikondades (Jamali-Neenetsi autonoomses ringkonnas ning Krasnojarski krais), l\u00f5unapoolsem r\u00fchm Obi j\u00f5e \u00fclemjooksul (Tomski oblastis). Varem nimetati s\u00f6lkuppe ostjakisamojeedideks. Nende traditsioonilised elatusalad olid kalap\u00fc\u00fck ja karusloomade k\u00fcttimine, p\u00f5hjas ka m\u00f5nev\u00f5rra p\u00f5hjap\u00f5drakasvatus, kuid 20. sajandi jooksul on nende tegevuste osakaal s\u00f6lkupite seas oluliselt v\u00e4henenud. S\u00f6lkupi keel &hellip; <a href=\"https:\/\/hoimuloimed.ee\/index.php\/hoimurahvad-ja-keeled\/solkupid\/\" class=\"more-link\">Continue reading <span class=\"screen-reader-text\">S\u00f6lkupid<\/span><\/a><\/p>\n","protected":false},"author":1,"featured_media":0,"parent":221,"menu_order":0,"comment_status":"closed","ping_status":"closed","template":"","meta":{"footnotes":""},"class_list":["post-852","page","type-page","status-publish","hentry"],"_links":{"self":[{"href":"https:\/\/hoimuloimed.ee\/index.php\/wp-json\/wp\/v2\/pages\/852","targetHints":{"allow":["GET"]}}],"collection":[{"href":"https:\/\/hoimuloimed.ee\/index.php\/wp-json\/wp\/v2\/pages"}],"about":[{"href":"https:\/\/hoimuloimed.ee\/index.php\/wp-json\/wp\/v2\/types\/page"}],"author":[{"embeddable":true,"href":"https:\/\/hoimuloimed.ee\/index.php\/wp-json\/wp\/v2\/users\/1"}],"replies":[{"embeddable":true,"href":"https:\/\/hoimuloimed.ee\/index.php\/wp-json\/wp\/v2\/comments?post=852"}],"version-history":[{"count":1,"href":"https:\/\/hoimuloimed.ee\/index.php\/wp-json\/wp\/v2\/pages\/852\/revisions"}],"predecessor-version":[{"id":856,"href":"https:\/\/hoimuloimed.ee\/index.php\/wp-json\/wp\/v2\/pages\/852\/revisions\/856"}],"up":[{"embeddable":true,"href":"https:\/\/hoimuloimed.ee\/index.php\/wp-json\/wp\/v2\/pages\/221"}],"wp:attachment":[{"href":"https:\/\/hoimuloimed.ee\/index.php\/wp-json\/wp\/v2\/media?parent=852"}],"curies":[{"name":"wp","href":"https:\/\/api.w.org\/{rel}","templated":true}]}}